{"id":81414,"date":"2026-03-26T10:41:17","date_gmt":"2026-03-26T09:41:17","guid":{"rendered":"https:\/\/museum-mb.si\/?post_type=dogodki&#038;p=81414"},"modified":"2026-03-26T10:42:13","modified_gmt":"2026-03-26T09:42:13","slug":"randi-dediscino-2","status":"publish","type":"dogodki","link":"https:\/\/museum-mb.si\/hu\/esemenyek\/randi-dediscino-2\/","title":{"rendered":"\u00d6R\u00d6KS\u00c9G D\u00c1TUM"},"content":{"rendered":"<p style=\"text-align: center;\"><strong>\u00c1prilis 17-\u00e9n, p\u00e9nteken, 18.00 \u00f3rakor<\/strong><\/p>\n<p style=\"text-align: center;\"><strong>HERITAGE DATE*<\/strong><\/p>\n<p style=\"text-align: center;\">Bor \u00e9s \u00e9tel \u00e9lm\u00e9ny<\/p>\n<p style=\"text-align: center;\">A vil\u00e1g leg\u00f6regebb sz\u0151l\u0151j\u00e9nek m\u00fazeum\u00e1ban az \u00f6r\u00f6ks\u00e9ggel val\u00f3 bens\u0151s\u00e9ges tal\u00e1lkoz\u00e1s a sz\u0151l\u0151m\u0171vel\u00e9s t\u00f6rt\u00e9net\u00e9be val\u00f3 betekint\u00e9st a szlov\u00e9niai \u0160tajerska borvid\u00e9k borainak \u00e9s a helyi gasztron\u00f3mi\u00e1nak a k\u00f3stol\u00e1s\u00e1val kombin\u00e1lja. A m\u00e1sodik tal\u00e1lkoz\u00f3ra borok t\u00e1rsas\u00e1g\u00e1ban ker\u00fcl sor. <strong>Vina Greif<\/strong> \u00e9s a finom kulin\u00e1ris \u00e9lvezetek az \u00e9tteremben <strong>Fudo<\/strong>.<\/p>\n<p style=\"text-align: center;\">(A vil\u00e1g legr\u00e9gebbi sz\u0151l\u0151j\u00e9nek m\u00fazeuma, Voja\u0161ni\u0161ka ulica 14)<\/p>\n<p style=\"text-align: center;\"><strong>* fizet\u0151s program<\/strong><strong>, az \u00e1r 15,00 \u20ac r\u00e9sztvev\u0151nk\u00e9nt, el\u0151zetes regisztr\u00e1ci\u00f3 a k\u00f6vetkez\u0151 c\u00edmen: <\/strong><a href=\"mailto:visit@oldestvinemuseum.si\">visit@oldestvinemuseum.si<\/a><br \/>\n<strong>vagy +386 31 445 700, korl\u00e1tozott sz\u00e1m\u00fa r\u00e9sztvev\u0151, jelentkez\u00e9s 2026. \u00e1prilis 16-ig vagy a helyek betelt\u00e9ig.<\/strong><\/p>","protected":false},"featured_media":81398,"template":"","vrsta-dogodka":[39],"class_list":["post-81414","dogodki","type-dogodki","status-publish","has-post-thumbnail","hentry","vrsta-dogodka-prihajajoci-dogodki"],"yoast_head":"<!-- This site is optimized with the Yoast SEO plugin v27.5 - https:\/\/yoast.com\/product\/yoast-seo-wordpress\/ -->\n<title>ZMENEK Z DEDI\u0160\u010cINO &#8211; Pokrajinski muzej Maribor<\/title>\n<meta name=\"robots\" content=\"index, follow, max-snippet:-1, max-image-preview:large, max-video-preview:-1\" \/>\n<link rel=\"canonical\" href=\"https:\/\/museum-mb.si\/hu\/esemenyek\/randi-dediscino-2\/\" \/>\n<meta property=\"og:locale\" content=\"hu_HU\" \/>\n<meta property=\"og:type\" content=\"article\" \/>\n<meta property=\"og:title\" content=\"ZMENEK Z DEDI\u0160\u010cINO &#8211; Pokrajinski muzej Maribor\" \/>\n<meta property=\"og:description\" content=\"petek, 17. april, ob 18.00 ZMENEK Z DEDI\u0160\u010cINO* Vinsko \u2013 kulinari\u010dno do\u017eivetje Na intimnem dru\u017eenju z dedi\u0161\u010dino v Muzeju najstarej\u0161e trte na svetu bo spoznavanje zgodovine vinogradni\u0161tva prepleteno z vodeno degustacijo vin vinorodnega okoli\u0161a \u0160tajerska Slovenija in lokalno gastronomijo. Drugo sre\u010danje bo potekalo v dru\u017ebi vin Vina Greif in drobnimi kulinari\u010dnimi u\u017eitki restavracije Fudo. (Muzej [&hellip;]\" \/>\n<meta property=\"og:url\" content=\"https:\/\/museum-mb.si\/hu\/esemenyek\/randi-dediscino-2\/\" \/>\n<meta property=\"og:site_name\" content=\"Pokrajinski muzej Maribor\" \/>\n<meta property=\"article:publisher\" content=\"https:\/\/www.facebook.com\/pomum123\" \/>\n<meta property=\"article:modified_time\" content=\"2026-03-26T09:42:13+00:00\" \/>\n<meta property=\"og:image\" content=\"https:\/\/museum-mb.si\/wp-content\/uploads\/2026\/03\/dogodki-slider-april-2026-8.jpg\" \/>\n\t<meta property=\"og:image:width\" content=\"1900\" \/>\n\t<meta property=\"og:image:height\" content=\"900\" \/>\n\t<meta property=\"og:image:type\" content=\"image\/jpeg\" \/>\n<meta name=\"twitter:card\" content=\"summary_large_image\" \/>\n<meta name=\"twitter:label1\" content=\"Becs\u00fclt olvas\u00e1si id\u0151\" \/>\n\t<meta name=\"twitter:data1\" content=\"1 perc\" \/>\n<script type=\"application\/ld+json\" class=\"yoast-schema-graph\">{\"@context\":\"https:\\\/\\\/schema.org\",\"@graph\":[{\"@type\":\"WebPage\",\"@id\":\"https:\\\/\\\/museum-mb.si\\\/dogodki\\\/zmenek-z-dediscino-2\\\/\",\"url\":\"https:\\\/\\\/museum-mb.si\\\/dogodki\\\/zmenek-z-dediscino-2\\\/\",\"name\":\"ZMENEK Z DEDI\u0160\u010cINO &#8211; Pokrajinski muzej Maribor\",\"isPartOf\":{\"@id\":\"https:\\\/\\\/museum-mb.si\\\/#website\"},\"primaryImageOfPage\":{\"@id\":\"https:\\\/\\\/museum-mb.si\\\/dogodki\\\/zmenek-z-dediscino-2\\\/#primaryimage\"},\"image\":{\"@id\":\"https:\\\/\\\/museum-mb.si\\\/dogodki\\\/zmenek-z-dediscino-2\\\/#primaryimage\"},\"thumbnailUrl\":\"https:\\\/\\\/museum-mb.si\\\/wp-content\\\/uploads\\\/2026\\\/03\\\/dogodki-slider-april-2026-8.jpg\",\"datePublished\":\"2026-03-26T09:41:17+00:00\",\"dateModified\":\"2026-03-26T09:42:13+00:00\",\"breadcrumb\":{\"@id\":\"https:\\\/\\\/museum-mb.si\\\/dogodki\\\/zmenek-z-dediscino-2\\\/#breadcrumb\"},\"inLanguage\":\"hu\",\"potentialAction\":[{\"@type\":\"ReadAction\",\"target\":[\"https:\\\/\\\/museum-mb.si\\\/dogodki\\\/zmenek-z-dediscino-2\\\/\"]}]},{\"@type\":\"ImageObject\",\"inLanguage\":\"hu\",\"@id\":\"https:\\\/\\\/museum-mb.si\\\/dogodki\\\/zmenek-z-dediscino-2\\\/#primaryimage\",\"url\":\"https:\\\/\\\/museum-mb.si\\\/wp-content\\\/uploads\\\/2026\\\/03\\\/dogodki-slider-april-2026-8.jpg\",\"contentUrl\":\"https:\\\/\\\/museum-mb.si\\\/wp-content\\\/uploads\\\/2026\\\/03\\\/dogodki-slider-april-2026-8.jpg\",\"width\":1900,\"height\":900},{\"@type\":\"BreadcrumbList\",\"@id\":\"https:\\\/\\\/museum-mb.si\\\/dogodki\\\/zmenek-z-dediscino-2\\\/#breadcrumb\",\"itemListElement\":[{\"@type\":\"ListItem\",\"position\":1,\"name\":\"Domov\",\"item\":\"https:\\\/\\\/museum-mb.si\\\/\"},{\"@type\":\"ListItem\",\"position\":2,\"name\":\"Dogodki\",\"item\":\"https:\\\/\\\/museum-mb.si\\\/dogodki\\\/\"},{\"@type\":\"ListItem\",\"position\":3,\"name\":\"ZMENEK Z DEDI\u0160\u010cINO\"}]},{\"@type\":\"WebSite\",\"@id\":\"https:\\\/\\\/museum-mb.si\\\/#website\",\"url\":\"https:\\\/\\\/museum-mb.si\\\/\",\"name\":\"Pokrajinski muzej Maribor\",\"description\":\"\",\"publisher\":{\"@id\":\"https:\\\/\\\/museum-mb.si\\\/#organization\"},\"potentialAction\":[{\"@type\":\"SearchAction\",\"target\":{\"@type\":\"EntryPoint\",\"urlTemplate\":\"https:\\\/\\\/museum-mb.si\\\/?s={search_term_string}\"},\"query-input\":{\"@type\":\"PropertyValueSpecification\",\"valueRequired\":true,\"valueName\":\"search_term_string\"}}],\"inLanguage\":\"hu\"},{\"@type\":\"Organization\",\"@id\":\"https:\\\/\\\/museum-mb.si\\\/#organization\",\"name\":\"Pokrajinski muzej Maribor\",\"url\":\"https:\\\/\\\/museum-mb.si\\\/\",\"logo\":{\"@type\":\"ImageObject\",\"inLanguage\":\"hu\",\"@id\":\"https:\\\/\\\/museum-mb.si\\\/#\\\/schema\\\/logo\\\/image\\\/\",\"url\":\"https:\\\/\\\/museum-mb.si\\\/wp-content\\\/uploads\\\/2024\\\/12\\\/pmm_logo_barvni_jpeg.jpg\",\"contentUrl\":\"https:\\\/\\\/museum-mb.si\\\/wp-content\\\/uploads\\\/2024\\\/12\\\/pmm_logo_barvni_jpeg.jpg\",\"width\":758,\"height\":754,\"caption\":\"Pokrajinski muzej Maribor\"},\"image\":{\"@id\":\"https:\\\/\\\/museum-mb.si\\\/#\\\/schema\\\/logo\\\/image\\\/\"},\"sameAs\":[\"https:\\\/\\\/www.facebook.com\\\/pomum123\",\"https:\\\/\\\/www.instagram.com\\\/maribor_museum\\\/\",\"https:\\\/\\\/www.youtube.com\\\/channel\\\/UCdshtCrun841Oc-35tYLBGQ\"]}]}<\/script>\n<!-- \/ Yoast SEO plugin. -->","yoast_head_json":{"title":"ZMENEK Z DEDI\u0160\u010cINO &#8211; Pokrajinski muzej Maribor","robots":{"index":"index","follow":"follow","max-snippet":"max-snippet:-1","max-image-preview":"max-image-preview:large","max-video-preview":"max-video-preview:-1"},"canonical":"https:\/\/museum-mb.si\/hu\/esemenyek\/randi-dediscino-2\/","og_locale":"hu_HU","og_type":"article","og_title":"ZMENEK Z DEDI\u0160\u010cINO &#8211; Pokrajinski muzej Maribor","og_description":"petek, 17. april, ob 18.00 ZMENEK Z DEDI\u0160\u010cINO* Vinsko \u2013 kulinari\u010dno do\u017eivetje Na intimnem dru\u017eenju z dedi\u0161\u010dino v Muzeju najstarej\u0161e trte na svetu bo spoznavanje zgodovine vinogradni\u0161tva prepleteno z vodeno degustacijo vin vinorodnega okoli\u0161a \u0160tajerska Slovenija in lokalno gastronomijo. Drugo sre\u010danje bo potekalo v dru\u017ebi vin Vina Greif in drobnimi kulinari\u010dnimi u\u017eitki restavracije Fudo. (Muzej [&hellip;]","og_url":"https:\/\/museum-mb.si\/hu\/esemenyek\/randi-dediscino-2\/","og_site_name":"Pokrajinski muzej Maribor","article_publisher":"https:\/\/www.facebook.com\/pomum123","article_modified_time":"2026-03-26T09:42:13+00:00","og_image":[{"width":1900,"height":900,"url":"https:\/\/museum-mb.si\/wp-content\/uploads\/2026\/03\/dogodki-slider-april-2026-8.jpg","type":"image\/jpeg"}],"twitter_card":"summary_large_image","twitter_misc":{"Becs\u00fclt olvas\u00e1si id\u0151":"1 perc"},"schema":{"@context":"https:\/\/schema.org","@graph":[{"@type":"WebPage","@id":"https:\/\/museum-mb.si\/dogodki\/zmenek-z-dediscino-2\/","url":"https:\/\/museum-mb.si\/dogodki\/zmenek-z-dediscino-2\/","name":"ZMENEK Z DEDI\u0160\u010cINO &#8211; Pokrajinski muzej Maribor","isPartOf":{"@id":"https:\/\/museum-mb.si\/#website"},"primaryImageOfPage":{"@id":"https:\/\/museum-mb.si\/dogodki\/zmenek-z-dediscino-2\/#primaryimage"},"image":{"@id":"https:\/\/museum-mb.si\/dogodki\/zmenek-z-dediscino-2\/#primaryimage"},"thumbnailUrl":"https:\/\/museum-mb.si\/wp-content\/uploads\/2026\/03\/dogodki-slider-april-2026-8.jpg","datePublished":"2026-03-26T09:41:17+00:00","dateModified":"2026-03-26T09:42:13+00:00","breadcrumb":{"@id":"https:\/\/museum-mb.si\/dogodki\/zmenek-z-dediscino-2\/#breadcrumb"},"inLanguage":"hu","potentialAction":[{"@type":"ReadAction","target":["https:\/\/museum-mb.si\/dogodki\/zmenek-z-dediscino-2\/"]}]},{"@type":"ImageObject","inLanguage":"hu","@id":"https:\/\/museum-mb.si\/dogodki\/zmenek-z-dediscino-2\/#primaryimage","url":"https:\/\/museum-mb.si\/wp-content\/uploads\/2026\/03\/dogodki-slider-april-2026-8.jpg","contentUrl":"https:\/\/museum-mb.si\/wp-content\/uploads\/2026\/03\/dogodki-slider-april-2026-8.jpg","width":1900,"height":900},{"@type":"BreadcrumbList","@id":"https:\/\/museum-mb.si\/dogodki\/zmenek-z-dediscino-2\/#breadcrumb","itemListElement":[{"@type":"ListItem","position":1,"name":"Domov","item":"https:\/\/museum-mb.si\/"},{"@type":"ListItem","position":2,"name":"Dogodki","item":"https:\/\/museum-mb.si\/dogodki\/"},{"@type":"ListItem","position":3,"name":"ZMENEK Z DEDI\u0160\u010cINO"}]},{"@type":"WebSite","@id":"https:\/\/museum-mb.si\/#website","url":"https:\/\/museum-mb.si\/","name":"Maribori Region\u00e1lis M\u00fazeum","description":"","publisher":{"@id":"https:\/\/museum-mb.si\/#organization"},"potentialAction":[{"@type":"SearchAction","target":{"@type":"EntryPoint","urlTemplate":"https:\/\/museum-mb.si\/?s={search_term_string}"},"query-input":{"@type":"PropertyValueSpecification","valueRequired":true,"valueName":"search_term_string"}}],"inLanguage":"hu"},{"@type":"Organization","@id":"https:\/\/museum-mb.si\/#organization","name":"Maribori Region\u00e1lis M\u00fazeum","url":"https:\/\/museum-mb.si\/","logo":{"@type":"ImageObject","inLanguage":"hu","@id":"https:\/\/museum-mb.si\/#\/schema\/logo\/image\/","url":"https:\/\/museum-mb.si\/wp-content\/uploads\/2024\/12\/pmm_logo_barvni_jpeg.jpg","contentUrl":"https:\/\/museum-mb.si\/wp-content\/uploads\/2024\/12\/pmm_logo_barvni_jpeg.jpg","width":758,"height":754,"caption":"Pokrajinski muzej Maribor"},"image":{"@id":"https:\/\/museum-mb.si\/#\/schema\/logo\/image\/"},"sameAs":["https:\/\/www.facebook.com\/pomum123","https:\/\/www.instagram.com\/maribor_museum\/","https:\/\/www.youtube.com\/channel\/UCdshtCrun841Oc-35tYLBGQ"]}]}},"_links":{"self":[{"href":"https:\/\/museum-mb.si\/hu\/wp-json\/wp\/v2\/dogodki\/81414","targetHints":{"allow":["GET"]}}],"collection":[{"href":"https:\/\/museum-mb.si\/hu\/wp-json\/wp\/v2\/dogodki"}],"about":[{"href":"https:\/\/museum-mb.si\/hu\/wp-json\/wp\/v2\/types\/dogodki"}],"version-history":[{"count":2,"href":"https:\/\/museum-mb.si\/hu\/wp-json\/wp\/v2\/dogodki\/81414\/revisions"}],"predecessor-version":[{"id":81416,"href":"https:\/\/museum-mb.si\/hu\/wp-json\/wp\/v2\/dogodki\/81414\/revisions\/81416"}],"wp:featuredmedia":[{"embeddable":true,"href":"https:\/\/museum-mb.si\/hu\/wp-json\/wp\/v2\/media\/81398"}],"wp:attachment":[{"href":"https:\/\/museum-mb.si\/hu\/wp-json\/wp\/v2\/media?parent=81414"}],"wp:term":[{"taxonomy":"vrsta-dogodka","embeddable":true,"href":"https:\/\/museum-mb.si\/hu\/wp-json\/wp\/v2\/vrsta-dogodka?post=81414"}],"curies":[{"name":"wp","href":"https:\/\/api.w.org\/{rel}","templated":true}]}}

ÖRÖKSÉG DÁTUM

<p style="text-align: center;"><strong>Április 17-én, pénteken, 18.00 órakor</strong></p>
<p style="text-align: center;"><strong>HERITAGE DATE*</strong></p>
<p style="text-align: center;">Bor és étel élmény</p>
<p style="text-align: center;">A világ legöregebb szőlőjének múzeumában az örökséggel való bensőséges találkozás a szőlőművelés történetébe való betekintést a szlovéniai Štajerska borvidék borainak és a helyi gasztronómiának a kóstolásával kombinálja. A második találkozóra borok társaságában kerül sor. <strong>Vina Greif</strong> és a finom kulináris élvezetek az étteremben <strong>Fudo</strong>.</p>
<p style="text-align: center;">(A világ legrégebbi szőlőjének múzeuma, Vojašniška ulica 14)</p>
<p style="text-align: center;"><strong>* fizetős program</strong><strong>, az ár 15,00 € résztvevőnként, előzetes regisztráció a következő címen: </strong><a href="mailto:visit@oldestvinemuseum.si">visit@oldestvinemuseum.si</a><br />
<strong>vagy +386 31 445 700, korlátozott számú résztvevő, jelentkezés 2026. április 16-ig vagy a helyek beteltéig.</strong></p>

<!-- This site is optimized with the Yoast SEO plugin v27.5 - https://yoast.com/product/yoast-seo-wordpress/ -->
<title>ZMENEK Z DEDIŠČINO &#8211; Pokrajinski muzej Maribor</title>
<meta name="robots" content="index, follow, max-snippet:-1, max-image-preview:large, max-video-preview:-1" />
<link rel="canonical" href="https://museum-mb.si/hu/esemenyek/randi-dediscino-2/" />
<meta property="og:locale" content="hu_HU" />
<meta property="og:type" content="article" />
<meta property="og:title" content="ZMENEK Z DEDIŠČINO &#8211; Pokrajinski muzej Maribor" />
<meta property="og:description" content="petek, 17. april, ob 18.00 ZMENEK Z DEDIŠČINO* Vinsko – kulinarično doživetje Na intimnem druženju z dediščino v Muzeju najstarejše trte na svetu bo spoznavanje zgodovine vinogradništva prepleteno z vodeno degustacijo vin vinorodnega okoliša Štajerska Slovenija in lokalno gastronomijo. Drugo srečanje bo potekalo v družbi vin Vina Greif in drobnimi kulinaričnimi užitki restavracije Fudo. (Muzej [&hellip;]" />
<meta property="og:url" content="https://museum-mb.si/hu/esemenyek/randi-dediscino-2/" />
<meta property="og:site_name" content="Pokrajinski muzej Maribor" />
<meta property="article:publisher" content="https://www.facebook.com/pomum123" />
<meta property="article:modified_time" content="2026-03-26T09:42:13+00:00" />
<meta property="og:image" content="https://museum-mb.si/wp-content/uploads/2026/03/dogodki-slider-april-2026-8.jpg" />
	<meta property="og:image:width" content="1900" />
	<meta property="og:image:height" content="900" />
	<meta property="og:image:type" content="image/jpeg" />
<meta name="twitter:card" content="summary_large_image" />
<meta name="twitter:label1" content="Becsült olvasási idő" />
	<meta name="twitter:data1" content="1 perc" />
<script type="application/ld+json" class="yoast-schema-graph">{"@context":"https:\/\/schema.org","@graph":[{"@type":"WebPage","@id":"https:\/\/museum-mb.si\/dogodki\/zmenek-z-dediscino-2\/","url":"https:\/\/museum-mb.si\/dogodki\/zmenek-z-dediscino-2\/","name":"ZMENEK Z DEDIŠČINO &#8211; Pokrajinski muzej Maribor","isPartOf":{"@id":"https:\/\/museum-mb.si\/#website"},"primaryImageOfPage":{"@id":"https:\/\/museum-mb.si\/dogodki\/zmenek-z-dediscino-2\/#primaryimage"},"image":{"@id":"https:\/\/museum-mb.si\/dogodki\/zmenek-z-dediscino-2\/#primaryimage"},"thumbnailUrl":"https:\/\/museum-mb.si\/wp-content\/uploads\/2026\/03\/dogodki-slider-april-2026-8.jpg","datePublished":"2026-03-26T09:41:17+00:00","dateModified":"2026-03-26T09:42:13+00:00","breadcrumb":{"@id":"https:\/\/museum-mb.si\/dogodki\/zmenek-z-dediscino-2\/#breadcrumb"},"inLanguage":"hu","potentialAction":[{"@type":"ReadAction","target":["https:\/\/museum-mb.si\/dogodki\/zmenek-z-dediscino-2\/"]}]},{"@type":"ImageObject","inLanguage":"hu","@id":"https:\/\/museum-mb.si\/dogodki\/zmenek-z-dediscino-2\/#primaryimage","url":"https:\/\/museum-mb.si\/wp-content\/uploads\/2026\/03\/dogodki-slider-april-2026-8.jpg","contentUrl":"https:\/\/museum-mb.si\/wp-content\/uploads\/2026\/03\/dogodki-slider-april-2026-8.jpg","width":1900,"height":900},{"@type":"BreadcrumbList","@id":"https:\/\/museum-mb.si\/dogodki\/zmenek-z-dediscino-2\/#breadcrumb","itemListElement":[{"@type":"ListItem","position":1,"name":"Domov","item":"https:\/\/museum-mb.si\/"},{"@type":"ListItem","position":2,"name":"Dogodki","item":"https:\/\/museum-mb.si\/dogodki\/"},{"@type":"ListItem","position":3,"name":"ZMENEK Z DEDIŠČINO"}]},{"@type":"WebSite","@id":"https:\/\/museum-mb.si\/#website","url":"https:\/\/museum-mb.si\/","name":"Pokrajinski muzej Maribor","description":"","publisher":{"@id":"https:\/\/museum-mb.si\/#organization"},"potentialAction":[{"@type":"SearchAction","target":{"@type":"EntryPoint","urlTemplate":"https:\/\/museum-mb.si\/?s={search_term_string}"},"query-input":{"@type":"PropertyValueSpecification","valueRequired":true,"valueName":"search_term_string"}}],"inLanguage":"hu"},{"@type":"Organization","@id":"https:\/\/museum-mb.si\/#organization","name":"Pokrajinski muzej Maribor","url":"https:\/\/museum-mb.si\/","logo":{"@type":"ImageObject","inLanguage":"hu","@id":"https:\/\/museum-mb.si\/#\/schema\/logo\/image\/","url":"https:\/\/museum-mb.si\/wp-content\/uploads\/2024\/12\/pmm_logo_barvni_jpeg.jpg","contentUrl":"https:\/\/museum-mb.si\/wp-content\/uploads\/2024\/12\/pmm_logo_barvni_jpeg.jpg","width":758,"height":754,"caption":"Pokrajinski muzej Maribor"},"image":{"@id":"https:\/\/museum-mb.si\/#\/schema\/logo\/image\/"},"sameAs":["https:\/\/www.facebook.com\/pomum123","https:\/\/www.instagram.com\/maribor_museum\/","https:\/\/www.youtube.com\/channel\/UCdshtCrun841Oc-35tYLBGQ"]}]}</script>
<!-- / Yoast SEO plugin. -->

ZMENEK Z DEDIŠČINO &#8211; Pokrajinski muzej Maribor

petek, 17. april, ob 18.00 ZMENEK Z DEDIŠČINO* Vinsko – kulinarično doživetje Na intimnem druženju z dediščino v Muzeju najstarejše trte na svetu bo spoznavanje zgodovine vinogradništva prepleteno z vodeno degustacijo vin vinorodnega okoliša Štajerska Slovenija in lokalno gastronomijo. Drugo srečanje bo potekalo v družbi vin Vina Greif in drobnimi kulinaričnimi užitki restavracije Fudo. (Muzej [&hellip;]

ZMENEK Z DEDIŠČINO

Maribori Regionális Múzeum
