{"id":74142,"date":"2022-09-29T16:40:10","date_gmt":"2022-09-29T15:40:10","guid":{"rendered":"https:\/\/museum-mb.si\/?post_type=dogodki&#038;p=74142"},"modified":"2024-04-12T12:19:02","modified_gmt":"2024-04-12T11:19:02","slug":"dance-discussion-between-bohemia-and-mountains","status":"publish","type":"dogodki","link":"https:\/\/museum-mb.si\/en\/events\/dance-discussion-between-bohemia-and-mountains\/","title":{"rendered":"DANCE HERITAGE BETWEEN BO\u010c AND POHORJE"},"content":{"rendered":"<p>We would like to invite you to the presentation of the book Dance Heritage between Bo\u010d and Pohorje, which will take place on Tuesday, 22 May, at 7 pm in the Knights' Hall of Maribor Castle.<\/p>\n<p>The authors of the book and the ethno research are Branko Fuchs and Mirko Ramov\u0161.<\/p>\n<p>The content of the book will be presented together with folklorists from Polj\u010dany and Pohorje.<\/p>\n<p>There is no entrance fee.<\/p>\n<p>You are cordially invited!<\/p>","protected":false},"featured_media":69258,"template":"","vrsta-dogodka":[38],"class_list":["post-74142","dogodki","type-dogodki","status-publish","has-post-thumbnail","hentry","vrsta-dogodka-pretekli-dogodki"],"yoast_head":"<!-- This site is optimized with the Yoast SEO plugin v27.5 - https:\/\/yoast.com\/product\/yoast-seo-wordpress\/ -->\n<title>PLESNA DEDI\u0160\u010cINA MED BO\u010cEM IN POHORJEM &#8211; Pokrajinski muzej Maribor<\/title>\n<meta name=\"robots\" content=\"index, follow, max-snippet:-1, max-image-preview:large, max-video-preview:-1\" \/>\n<link rel=\"canonical\" href=\"https:\/\/museum-mb.si\/en\/events\/dance-discussion-between-bohemia-and-mountains\/\" \/>\n<meta property=\"og:locale\" content=\"en_GB\" \/>\n<meta property=\"og:type\" content=\"article\" \/>\n<meta property=\"og:title\" content=\"PLESNA DEDI\u0160\u010cINA MED BO\u010cEM IN POHORJEM &#8211; Pokrajinski muzej Maribor\" \/>\n<meta property=\"og:description\" content=\"Vabimo vas na predstavitev knjige Plesna dedi\u0161\u010dina med Bo\u010dem in Pohorjem, ki bo v torek, 22. maja, ob 19. uri v vite\u0161ki dvorani mariborskega gradu. Avtorja knjige in etno raziskav sta Branko Fuchs in Mirko Ramov\u0161. Vsebino knjige bosta predstavila skupaj s folklorniki Polj\u010dan in Pohorja. Vstopnine ni. Prijazno vabljeni.\" \/>\n<meta property=\"og:url\" content=\"https:\/\/museum-mb.si\/en\/events\/dance-discussion-between-bohemia-and-mountains\/\" \/>\n<meta property=\"og:site_name\" content=\"Pokrajinski muzej Maribor\" \/>\n<meta property=\"article:publisher\" content=\"https:\/\/www.facebook.com\/pomum123\" \/>\n<meta property=\"article:modified_time\" content=\"2024-04-12T11:19:02+00:00\" \/>\n<meta property=\"og:image\" content=\"https:\/\/museum-mb.si\/wp-content\/uploads\/2022\/08\/01_TRGOVINANAJEM_header.jpg\" \/>\n\t<meta property=\"og:image:width\" content=\"1920\" \/>\n\t<meta property=\"og:image:height\" content=\"646\" \/>\n\t<meta property=\"og:image:type\" content=\"image\/jpeg\" \/>\n<meta name=\"twitter:card\" content=\"summary_large_image\" \/>\n<script type=\"application\/ld+json\" class=\"yoast-schema-graph\">{\"@context\":\"https:\\\/\\\/schema.org\",\"@graph\":[{\"@type\":\"WebPage\",\"@id\":\"https:\\\/\\\/museum-mb.si\\\/dogodki\\\/plesna-dediscina-med-bocem-in-pohorjem\\\/\",\"url\":\"https:\\\/\\\/museum-mb.si\\\/dogodki\\\/plesna-dediscina-med-bocem-in-pohorjem\\\/\",\"name\":\"PLESNA DEDI\u0160\u010cINA MED BO\u010cEM IN POHORJEM &#8211; Pokrajinski muzej Maribor\",\"isPartOf\":{\"@id\":\"https:\\\/\\\/museum-mb.si\\\/#website\"},\"primaryImageOfPage\":{\"@id\":\"https:\\\/\\\/museum-mb.si\\\/dogodki\\\/plesna-dediscina-med-bocem-in-pohorjem\\\/#primaryimage\"},\"image\":{\"@id\":\"https:\\\/\\\/museum-mb.si\\\/dogodki\\\/plesna-dediscina-med-bocem-in-pohorjem\\\/#primaryimage\"},\"thumbnailUrl\":\"https:\\\/\\\/museum-mb.si\\\/wp-content\\\/uploads\\\/2022\\\/08\\\/01_TRGOVINANAJEM_header.jpg\",\"datePublished\":\"2022-09-29T15:40:10+00:00\",\"dateModified\":\"2024-04-12T11:19:02+00:00\",\"breadcrumb\":{\"@id\":\"https:\\\/\\\/museum-mb.si\\\/dogodki\\\/plesna-dediscina-med-bocem-in-pohorjem\\\/#breadcrumb\"},\"inLanguage\":\"en-GB\",\"potentialAction\":[{\"@type\":\"ReadAction\",\"target\":[\"https:\\\/\\\/museum-mb.si\\\/dogodki\\\/plesna-dediscina-med-bocem-in-pohorjem\\\/\"]}]},{\"@type\":\"ImageObject\",\"inLanguage\":\"en-GB\",\"@id\":\"https:\\\/\\\/museum-mb.si\\\/dogodki\\\/plesna-dediscina-med-bocem-in-pohorjem\\\/#primaryimage\",\"url\":\"https:\\\/\\\/museum-mb.si\\\/wp-content\\\/uploads\\\/2022\\\/08\\\/01_TRGOVINANAJEM_header.jpg\",\"contentUrl\":\"https:\\\/\\\/museum-mb.si\\\/wp-content\\\/uploads\\\/2022\\\/08\\\/01_TRGOVINANAJEM_header.jpg\",\"width\":1920,\"height\":646},{\"@type\":\"BreadcrumbList\",\"@id\":\"https:\\\/\\\/museum-mb.si\\\/dogodki\\\/plesna-dediscina-med-bocem-in-pohorjem\\\/#breadcrumb\",\"itemListElement\":[{\"@type\":\"ListItem\",\"position\":1,\"name\":\"Domov\",\"item\":\"https:\\\/\\\/museum-mb.si\\\/\"},{\"@type\":\"ListItem\",\"position\":2,\"name\":\"Dogodki\",\"item\":\"https:\\\/\\\/museum-mb.si\\\/dogodki\\\/\"},{\"@type\":\"ListItem\",\"position\":3,\"name\":\"PLESNA DEDI\u0160\u010cINA MED BO\u010cEM IN POHORJEM\"}]},{\"@type\":\"WebSite\",\"@id\":\"https:\\\/\\\/museum-mb.si\\\/#website\",\"url\":\"https:\\\/\\\/museum-mb.si\\\/\",\"name\":\"Pokrajinski muzej Maribor\",\"description\":\"\",\"publisher\":{\"@id\":\"https:\\\/\\\/museum-mb.si\\\/#organization\"},\"potentialAction\":[{\"@type\":\"SearchAction\",\"target\":{\"@type\":\"EntryPoint\",\"urlTemplate\":\"https:\\\/\\\/museum-mb.si\\\/?s={search_term_string}\"},\"query-input\":{\"@type\":\"PropertyValueSpecification\",\"valueRequired\":true,\"valueName\":\"search_term_string\"}}],\"inLanguage\":\"en-GB\"},{\"@type\":\"Organization\",\"@id\":\"https:\\\/\\\/museum-mb.si\\\/#organization\",\"name\":\"Pokrajinski muzej Maribor\",\"url\":\"https:\\\/\\\/museum-mb.si\\\/\",\"logo\":{\"@type\":\"ImageObject\",\"inLanguage\":\"en-GB\",\"@id\":\"https:\\\/\\\/museum-mb.si\\\/#\\\/schema\\\/logo\\\/image\\\/\",\"url\":\"https:\\\/\\\/museum-mb.si\\\/wp-content\\\/uploads\\\/2024\\\/12\\\/pmm_logo_barvni_jpeg.jpg\",\"contentUrl\":\"https:\\\/\\\/museum-mb.si\\\/wp-content\\\/uploads\\\/2024\\\/12\\\/pmm_logo_barvni_jpeg.jpg\",\"width\":758,\"height\":754,\"caption\":\"Pokrajinski muzej Maribor\"},\"image\":{\"@id\":\"https:\\\/\\\/museum-mb.si\\\/#\\\/schema\\\/logo\\\/image\\\/\"},\"sameAs\":[\"https:\\\/\\\/www.facebook.com\\\/pomum123\",\"https:\\\/\\\/www.instagram.com\\\/maribor_museum\\\/\",\"https:\\\/\\\/www.youtube.com\\\/channel\\\/UCdshtCrun841Oc-35tYLBGQ\"]}]}<\/script>\n<!-- \/ Yoast SEO plugin. -->","yoast_head_json":{"title":"PLESNA DEDI\u0160\u010cINA MED BO\u010cEM IN POHORJEM &#8211; Pokrajinski muzej Maribor","robots":{"index":"index","follow":"follow","max-snippet":"max-snippet:-1","max-image-preview":"max-image-preview:large","max-video-preview":"max-video-preview:-1"},"canonical":"https:\/\/museum-mb.si\/en\/events\/dance-discussion-between-bohemia-and-mountains\/","og_locale":"en_GB","og_type":"article","og_title":"PLESNA DEDI\u0160\u010cINA MED BO\u010cEM IN POHORJEM &#8211; Pokrajinski muzej Maribor","og_description":"Vabimo vas na predstavitev knjige Plesna dedi\u0161\u010dina med Bo\u010dem in Pohorjem, ki bo v torek, 22. maja, ob 19. uri v vite\u0161ki dvorani mariborskega gradu. Avtorja knjige in etno raziskav sta Branko Fuchs in Mirko Ramov\u0161. Vsebino knjige bosta predstavila skupaj s folklorniki Polj\u010dan in Pohorja. Vstopnine ni. Prijazno vabljeni.","og_url":"https:\/\/museum-mb.si\/en\/events\/dance-discussion-between-bohemia-and-mountains\/","og_site_name":"Pokrajinski muzej Maribor","article_publisher":"https:\/\/www.facebook.com\/pomum123","article_modified_time":"2024-04-12T11:19:02+00:00","og_image":[{"width":1920,"height":646,"url":"https:\/\/museum-mb.si\/wp-content\/uploads\/2022\/08\/01_TRGOVINANAJEM_header.jpg","type":"image\/jpeg"}],"twitter_card":"summary_large_image","schema":{"@context":"https:\/\/schema.org","@graph":[{"@type":"WebPage","@id":"https:\/\/museum-mb.si\/dogodki\/plesna-dediscina-med-bocem-in-pohorjem\/","url":"https:\/\/museum-mb.si\/dogodki\/plesna-dediscina-med-bocem-in-pohorjem\/","name":"PLESNA DEDI\u0160\u010cINA MED BO\u010cEM IN POHORJEM &#8211; Pokrajinski muzej Maribor","isPartOf":{"@id":"https:\/\/museum-mb.si\/#website"},"primaryImageOfPage":{"@id":"https:\/\/museum-mb.si\/dogodki\/plesna-dediscina-med-bocem-in-pohorjem\/#primaryimage"},"image":{"@id":"https:\/\/museum-mb.si\/dogodki\/plesna-dediscina-med-bocem-in-pohorjem\/#primaryimage"},"thumbnailUrl":"https:\/\/museum-mb.si\/wp-content\/uploads\/2022\/08\/01_TRGOVINANAJEM_header.jpg","datePublished":"2022-09-29T15:40:10+00:00","dateModified":"2024-04-12T11:19:02+00:00","breadcrumb":{"@id":"https:\/\/museum-mb.si\/dogodki\/plesna-dediscina-med-bocem-in-pohorjem\/#breadcrumb"},"inLanguage":"en-GB","potentialAction":[{"@type":"ReadAction","target":["https:\/\/museum-mb.si\/dogodki\/plesna-dediscina-med-bocem-in-pohorjem\/"]}]},{"@type":"ImageObject","inLanguage":"en-GB","@id":"https:\/\/museum-mb.si\/dogodki\/plesna-dediscina-med-bocem-in-pohorjem\/#primaryimage","url":"https:\/\/museum-mb.si\/wp-content\/uploads\/2022\/08\/01_TRGOVINANAJEM_header.jpg","contentUrl":"https:\/\/museum-mb.si\/wp-content\/uploads\/2022\/08\/01_TRGOVINANAJEM_header.jpg","width":1920,"height":646},{"@type":"BreadcrumbList","@id":"https:\/\/museum-mb.si\/dogodki\/plesna-dediscina-med-bocem-in-pohorjem\/#breadcrumb","itemListElement":[{"@type":"ListItem","position":1,"name":"Domov","item":"https:\/\/museum-mb.si\/"},{"@type":"ListItem","position":2,"name":"Dogodki","item":"https:\/\/museum-mb.si\/dogodki\/"},{"@type":"ListItem","position":3,"name":"PLESNA DEDI\u0160\u010cINA MED BO\u010cEM IN POHORJEM"}]},{"@type":"WebSite","@id":"https:\/\/museum-mb.si\/#website","url":"https:\/\/museum-mb.si\/","name":"Maribor Regional Museum","description":"","publisher":{"@id":"https:\/\/museum-mb.si\/#organization"},"potentialAction":[{"@type":"SearchAction","target":{"@type":"EntryPoint","urlTemplate":"https:\/\/museum-mb.si\/?s={search_term_string}"},"query-input":{"@type":"PropertyValueSpecification","valueRequired":true,"valueName":"search_term_string"}}],"inLanguage":"en-GB"},{"@type":"Organization","@id":"https:\/\/museum-mb.si\/#organization","name":"Maribor Regional Museum","url":"https:\/\/museum-mb.si\/","logo":{"@type":"ImageObject","inLanguage":"en-GB","@id":"https:\/\/museum-mb.si\/#\/schema\/logo\/image\/","url":"https:\/\/museum-mb.si\/wp-content\/uploads\/2024\/12\/pmm_logo_barvni_jpeg.jpg","contentUrl":"https:\/\/museum-mb.si\/wp-content\/uploads\/2024\/12\/pmm_logo_barvni_jpeg.jpg","width":758,"height":754,"caption":"Pokrajinski muzej Maribor"},"image":{"@id":"https:\/\/museum-mb.si\/#\/schema\/logo\/image\/"},"sameAs":["https:\/\/www.facebook.com\/pomum123","https:\/\/www.instagram.com\/maribor_museum\/","https:\/\/www.youtube.com\/channel\/UCdshtCrun841Oc-35tYLBGQ"]}]}},"_links":{"self":[{"href":"https:\/\/museum-mb.si\/en\/wp-json\/wp\/v2\/dogodki\/74142","targetHints":{"allow":["GET"]}}],"collection":[{"href":"https:\/\/museum-mb.si\/en\/wp-json\/wp\/v2\/dogodki"}],"about":[{"href":"https:\/\/museum-mb.si\/en\/wp-json\/wp\/v2\/types\/dogodki"}],"version-history":[{"count":0,"href":"https:\/\/museum-mb.si\/en\/wp-json\/wp\/v2\/dogodki\/74142\/revisions"}],"wp:featuredmedia":[{"embeddable":true,"href":"https:\/\/museum-mb.si\/en\/wp-json\/wp\/v2\/media\/69258"}],"wp:attachment":[{"href":"https:\/\/museum-mb.si\/en\/wp-json\/wp\/v2\/media?parent=74142"}],"wp:term":[{"taxonomy":"vrsta-dogodka","embeddable":true,"href":"https:\/\/museum-mb.si\/en\/wp-json\/wp\/v2\/vrsta-dogodka?post=74142"}],"curies":[{"name":"wp","href":"https:\/\/api.w.org\/{rel}","templated":true}]}}

DANCE HERITAGE BETWEEN BOČ AND POHORJE

<p>We would like to invite you to the presentation of the book Dance Heritage between Boč and Pohorje, which will take place on Tuesday, 22 May, at 7 pm in the Knights' Hall of Maribor Castle.</p>
<p>The authors of the book and the ethno research are Branko Fuchs and Mirko Ramovš.</p>
<p>The content of the book will be presented together with folklorists from Poljčany and Pohorje.</p>
<p>There is no entrance fee.</p>
<p>You are cordially invited!</p>

<!-- This site is optimized with the Yoast SEO plugin v27.5 - https://yoast.com/product/yoast-seo-wordpress/ -->
<title>PLESNA DEDIŠČINA MED BOČEM IN POHORJEM &#8211; Pokrajinski muzej Maribor</title>
<meta name="robots" content="index, follow, max-snippet:-1, max-image-preview:large, max-video-preview:-1" />
<link rel="canonical" href="https://museum-mb.si/en/events/dance-discussion-between-bohemia-and-mountains/" />
<meta property="og:locale" content="en_GB" />
<meta property="og:type" content="article" />
<meta property="og:title" content="PLESNA DEDIŠČINA MED BOČEM IN POHORJEM &#8211; Pokrajinski muzej Maribor" />
<meta property="og:description" content="Vabimo vas na predstavitev knjige Plesna dediščina med Bočem in Pohorjem, ki bo v torek, 22. maja, ob 19. uri v viteški dvorani mariborskega gradu. Avtorja knjige in etno raziskav sta Branko Fuchs in Mirko Ramovš. Vsebino knjige bosta predstavila skupaj s folklorniki Poljčan in Pohorja. Vstopnine ni. Prijazno vabljeni." />
<meta property="og:url" content="https://museum-mb.si/en/events/dance-discussion-between-bohemia-and-mountains/" />
<meta property="og:site_name" content="Pokrajinski muzej Maribor" />
<meta property="article:publisher" content="https://www.facebook.com/pomum123" />
<meta property="article:modified_time" content="2024-04-12T11:19:02+00:00" />
<meta property="og:image" content="https://museum-mb.si/wp-content/uploads/2022/08/01_TRGOVINANAJEM_header.jpg" />
	<meta property="og:image:width" content="1920" />
	<meta property="og:image:height" content="646" />
	<meta property="og:image:type" content="image/jpeg" />
<meta name="twitter:card" content="summary_large_image" />
<script type="application/ld+json" class="yoast-schema-graph">{"@context":"https:\/\/schema.org","@graph":[{"@type":"WebPage","@id":"https:\/\/museum-mb.si\/dogodki\/plesna-dediscina-med-bocem-in-pohorjem\/","url":"https:\/\/museum-mb.si\/dogodki\/plesna-dediscina-med-bocem-in-pohorjem\/","name":"PLESNA DEDIŠČINA MED BOČEM IN POHORJEM &#8211; Pokrajinski muzej Maribor","isPartOf":{"@id":"https:\/\/museum-mb.si\/#website"},"primaryImageOfPage":{"@id":"https:\/\/museum-mb.si\/dogodki\/plesna-dediscina-med-bocem-in-pohorjem\/#primaryimage"},"image":{"@id":"https:\/\/museum-mb.si\/dogodki\/plesna-dediscina-med-bocem-in-pohorjem\/#primaryimage"},"thumbnailUrl":"https:\/\/museum-mb.si\/wp-content\/uploads\/2022\/08\/01_TRGOVINANAJEM_header.jpg","datePublished":"2022-09-29T15:40:10+00:00","dateModified":"2024-04-12T11:19:02+00:00","breadcrumb":{"@id":"https:\/\/museum-mb.si\/dogodki\/plesna-dediscina-med-bocem-in-pohorjem\/#breadcrumb"},"inLanguage":"en-GB","potentialAction":[{"@type":"ReadAction","target":["https:\/\/museum-mb.si\/dogodki\/plesna-dediscina-med-bocem-in-pohorjem\/"]}]},{"@type":"ImageObject","inLanguage":"en-GB","@id":"https:\/\/museum-mb.si\/dogodki\/plesna-dediscina-med-bocem-in-pohorjem\/#primaryimage","url":"https:\/\/museum-mb.si\/wp-content\/uploads\/2022\/08\/01_TRGOVINANAJEM_header.jpg","contentUrl":"https:\/\/museum-mb.si\/wp-content\/uploads\/2022\/08\/01_TRGOVINANAJEM_header.jpg","width":1920,"height":646},{"@type":"BreadcrumbList","@id":"https:\/\/museum-mb.si\/dogodki\/plesna-dediscina-med-bocem-in-pohorjem\/#breadcrumb","itemListElement":[{"@type":"ListItem","position":1,"name":"Domov","item":"https:\/\/museum-mb.si\/"},{"@type":"ListItem","position":2,"name":"Dogodki","item":"https:\/\/museum-mb.si\/dogodki\/"},{"@type":"ListItem","position":3,"name":"PLESNA DEDIŠČINA MED BOČEM IN POHORJEM"}]},{"@type":"WebSite","@id":"https:\/\/museum-mb.si\/#website","url":"https:\/\/museum-mb.si\/","name":"Pokrajinski muzej Maribor","description":"","publisher":{"@id":"https:\/\/museum-mb.si\/#organization"},"potentialAction":[{"@type":"SearchAction","target":{"@type":"EntryPoint","urlTemplate":"https:\/\/museum-mb.si\/?s={search_term_string}"},"query-input":{"@type":"PropertyValueSpecification","valueRequired":true,"valueName":"search_term_string"}}],"inLanguage":"en-GB"},{"@type":"Organization","@id":"https:\/\/museum-mb.si\/#organization","name":"Pokrajinski muzej Maribor","url":"https:\/\/museum-mb.si\/","logo":{"@type":"ImageObject","inLanguage":"en-GB","@id":"https:\/\/museum-mb.si\/#\/schema\/logo\/image\/","url":"https:\/\/museum-mb.si\/wp-content\/uploads\/2024\/12\/pmm_logo_barvni_jpeg.jpg","contentUrl":"https:\/\/museum-mb.si\/wp-content\/uploads\/2024\/12\/pmm_logo_barvni_jpeg.jpg","width":758,"height":754,"caption":"Pokrajinski muzej Maribor"},"image":{"@id":"https:\/\/museum-mb.si\/#\/schema\/logo\/image\/"},"sameAs":["https:\/\/www.facebook.com\/pomum123","https:\/\/www.instagram.com\/maribor_museum\/","https:\/\/www.youtube.com\/channel\/UCdshtCrun841Oc-35tYLBGQ"]}]}</script>
<!-- / Yoast SEO plugin. -->

PLESNA DEDIŠČINA MED BOČEM IN POHORJEM &#8211; Pokrajinski muzej Maribor

Vabimo vas na predstavitev knjige Plesna dediščina med Bočem in Pohorjem, ki bo v torek, 22. maja, ob 19. uri v viteški dvorani mariborskega gradu. Avtorja knjige in etno raziskav sta Branko Fuchs in Mirko Ramovš. Vsebino knjige bosta predstavila skupaj s folklorniki Poljčan in Pohorja. Vstopnine ni. Prijazno vabljeni.

PLESNA DEDIŠČINA MED BOČEM IN POHORJEM
