{"id":74132,"date":"2022-09-29T16:26:53","date_gmt":"2022-09-29T15:26:53","guid":{"rendered":"https:\/\/museum-mb.si\/?post_type=dogodki&#038;p=74132"},"modified":"2024-11-07T10:50:49","modified_gmt":"2024-11-07T09:50:49","slug":"regional-cookery-slovenia","status":"publish","type":"dogodki","link":"https:\/\/museum-mb.si\/en\/events\/regional-cookery-slovenia\/","title":{"rendered":"REGIONAL CUISINE OF SLOVENIA"},"content":{"rendered":"<p><span style=\"font-family: tahoma;\">In Slovenia, we got a gastronomy strategy in 2006. It was not just another of the countless documents piling up in the cupboards of ministries and companies, but a binding professional text that we began to implement systematically.\u00a0<\/span><\/p>\n<p><span style=\"font-family: tahoma;\">Although some government offices were still unaware of the strategy three or four years after it was set up, the matter was being implemented year after year. We are particularly pleased that in 2018 we have entered the \"European Regions of Gastronomy\", where a good number of projects proposed by some ministries and other stakeholders are to be implemented by 2021.\u00a0<\/span><\/p>\n<p><span style=\"font-family: tahoma;\">Today, local and regional cuisine is strongly emphasised in world gastronomy. This is, in fact, humanity's logical response to the aggressiveness of global food desertification.\u00a0<\/span><\/p>\n<p><span style=\"font-family: tahoma;\">For once, Slovenia can still boast great tastes, quality food, knowledge of the diet of the four seasons, and links to a food culture that is not just a matter of historical memory. On the other hand, however, we may be concerned about certain phenomena that could destroy this distinctive wealth in the near future and we could start drowning in a flood of global food abundance on a single hoof!<\/span><\/p>\n<p><span style=\"font-family: tahoma;\">The lecture will take place on Tuesday, 15 May 2018, at 18:00 in the Castle Caf\u00e9.<\/span><\/p>\n<p>You are cordially invited!<\/p>","protected":false},"featured_media":69258,"template":"","vrsta-dogodka":[38],"class_list":["post-74132","dogodki","type-dogodki","status-publish","has-post-thumbnail","hentry","vrsta-dogodka-pretekli-dogodki"],"yoast_head":"<!-- This site is optimized with the Yoast SEO plugin v27.5 - https:\/\/yoast.com\/product\/yoast-seo-wordpress\/ -->\n<title>REGIONALNA KUHINJA SLOVENIJE &#8211; Pokrajinski muzej Maribor<\/title>\n<meta name=\"robots\" content=\"index, follow, max-snippet:-1, max-image-preview:large, max-video-preview:-1\" \/>\n<link rel=\"canonical\" href=\"https:\/\/museum-mb.si\/en\/events\/regional-cookery-slovenia\/\" \/>\n<meta property=\"og:locale\" content=\"en_GB\" \/>\n<meta property=\"og:type\" content=\"article\" \/>\n<meta property=\"og:title\" content=\"REGIONALNA KUHINJA SLOVENIJE &#8211; Pokrajinski muzej Maribor\" \/>\n<meta property=\"og:description\" content=\"\u200bV Sloveniji smo leta 2006 dobili gastronomsko strategijo. To ni bil le \u0161e eden od brez\u0161tevilnih dokumentov, ki se nabirajo v omarah ministrstev in podjetij ampak obvezujo\u010de strokovno besedilo, ki smo ga za\u010deli sistemati\u010dno uresni\u010devati.\u00a0 \u010ceprav nekateri dr\u017eavni uradi \u0161e po treh, \u0161tirih letih od postavitve strategije niso vedeli za njo, \u00a0je zadeva dobivala iz [&hellip;]\" \/>\n<meta property=\"og:url\" content=\"https:\/\/museum-mb.si\/en\/events\/regional-cookery-slovenia\/\" \/>\n<meta property=\"og:site_name\" content=\"Pokrajinski muzej Maribor\" \/>\n<meta property=\"article:publisher\" content=\"https:\/\/www.facebook.com\/pomum123\" \/>\n<meta property=\"article:modified_time\" content=\"2024-11-07T09:50:49+00:00\" \/>\n<meta property=\"og:image\" content=\"https:\/\/museum-mb.si\/wp-content\/uploads\/2022\/08\/01_TRGOVINANAJEM_header.jpg\" \/>\n\t<meta property=\"og:image:width\" content=\"1920\" \/>\n\t<meta property=\"og:image:height\" content=\"646\" \/>\n\t<meta property=\"og:image:type\" content=\"image\/jpeg\" \/>\n<meta name=\"twitter:card\" content=\"summary_large_image\" \/>\n<meta name=\"twitter:label1\" content=\"Estimated reading time\" \/>\n\t<meta name=\"twitter:data1\" content=\"1 minute\" \/>\n<script type=\"application\/ld+json\" class=\"yoast-schema-graph\">{\"@context\":\"https:\\\/\\\/schema.org\",\"@graph\":[{\"@type\":\"WebPage\",\"@id\":\"https:\\\/\\\/museum-mb.si\\\/dogodki\\\/regionalna-kuhinja-slovenije\\\/\",\"url\":\"https:\\\/\\\/museum-mb.si\\\/dogodki\\\/regionalna-kuhinja-slovenije\\\/\",\"name\":\"REGIONALNA KUHINJA SLOVENIJE &#8211; Pokrajinski muzej Maribor\",\"isPartOf\":{\"@id\":\"https:\\\/\\\/museum-mb.si\\\/#website\"},\"primaryImageOfPage\":{\"@id\":\"https:\\\/\\\/museum-mb.si\\\/dogodki\\\/regionalna-kuhinja-slovenije\\\/#primaryimage\"},\"image\":{\"@id\":\"https:\\\/\\\/museum-mb.si\\\/dogodki\\\/regionalna-kuhinja-slovenije\\\/#primaryimage\"},\"thumbnailUrl\":\"https:\\\/\\\/museum-mb.si\\\/wp-content\\\/uploads\\\/2022\\\/08\\\/01_TRGOVINANAJEM_header.jpg\",\"datePublished\":\"2022-09-29T15:26:53+00:00\",\"dateModified\":\"2024-11-07T09:50:49+00:00\",\"breadcrumb\":{\"@id\":\"https:\\\/\\\/museum-mb.si\\\/dogodki\\\/regionalna-kuhinja-slovenije\\\/#breadcrumb\"},\"inLanguage\":\"en-GB\",\"potentialAction\":[{\"@type\":\"ReadAction\",\"target\":[\"https:\\\/\\\/museum-mb.si\\\/dogodki\\\/regionalna-kuhinja-slovenije\\\/\"]}]},{\"@type\":\"ImageObject\",\"inLanguage\":\"en-GB\",\"@id\":\"https:\\\/\\\/museum-mb.si\\\/dogodki\\\/regionalna-kuhinja-slovenije\\\/#primaryimage\",\"url\":\"https:\\\/\\\/museum-mb.si\\\/wp-content\\\/uploads\\\/2022\\\/08\\\/01_TRGOVINANAJEM_header.jpg\",\"contentUrl\":\"https:\\\/\\\/museum-mb.si\\\/wp-content\\\/uploads\\\/2022\\\/08\\\/01_TRGOVINANAJEM_header.jpg\",\"width\":1920,\"height\":646},{\"@type\":\"BreadcrumbList\",\"@id\":\"https:\\\/\\\/museum-mb.si\\\/dogodki\\\/regionalna-kuhinja-slovenije\\\/#breadcrumb\",\"itemListElement\":[{\"@type\":\"ListItem\",\"position\":1,\"name\":\"Domov\",\"item\":\"https:\\\/\\\/museum-mb.si\\\/\"},{\"@type\":\"ListItem\",\"position\":2,\"name\":\"Dogodki\",\"item\":\"https:\\\/\\\/museum-mb.si\\\/dogodki\\\/\"},{\"@type\":\"ListItem\",\"position\":3,\"name\":\"REGIONALNA KUHINJA SLOVENIJE\"}]},{\"@type\":\"WebSite\",\"@id\":\"https:\\\/\\\/museum-mb.si\\\/#website\",\"url\":\"https:\\\/\\\/museum-mb.si\\\/\",\"name\":\"Pokrajinski muzej Maribor\",\"description\":\"\",\"publisher\":{\"@id\":\"https:\\\/\\\/museum-mb.si\\\/#organization\"},\"potentialAction\":[{\"@type\":\"SearchAction\",\"target\":{\"@type\":\"EntryPoint\",\"urlTemplate\":\"https:\\\/\\\/museum-mb.si\\\/?s={search_term_string}\"},\"query-input\":{\"@type\":\"PropertyValueSpecification\",\"valueRequired\":true,\"valueName\":\"search_term_string\"}}],\"inLanguage\":\"en-GB\"},{\"@type\":\"Organization\",\"@id\":\"https:\\\/\\\/museum-mb.si\\\/#organization\",\"name\":\"Pokrajinski muzej Maribor\",\"url\":\"https:\\\/\\\/museum-mb.si\\\/\",\"logo\":{\"@type\":\"ImageObject\",\"inLanguage\":\"en-GB\",\"@id\":\"https:\\\/\\\/museum-mb.si\\\/#\\\/schema\\\/logo\\\/image\\\/\",\"url\":\"https:\\\/\\\/museum-mb.si\\\/wp-content\\\/uploads\\\/2024\\\/12\\\/pmm_logo_barvni_jpeg.jpg\",\"contentUrl\":\"https:\\\/\\\/museum-mb.si\\\/wp-content\\\/uploads\\\/2024\\\/12\\\/pmm_logo_barvni_jpeg.jpg\",\"width\":758,\"height\":754,\"caption\":\"Pokrajinski muzej Maribor\"},\"image\":{\"@id\":\"https:\\\/\\\/museum-mb.si\\\/#\\\/schema\\\/logo\\\/image\\\/\"},\"sameAs\":[\"https:\\\/\\\/www.facebook.com\\\/pomum123\",\"https:\\\/\\\/www.instagram.com\\\/maribor_museum\\\/\",\"https:\\\/\\\/www.youtube.com\\\/channel\\\/UCdshtCrun841Oc-35tYLBGQ\"]}]}<\/script>\n<!-- \/ Yoast SEO plugin. -->","yoast_head_json":{"title":"REGIONALNA KUHINJA SLOVENIJE &#8211; Pokrajinski muzej Maribor","robots":{"index":"index","follow":"follow","max-snippet":"max-snippet:-1","max-image-preview":"max-image-preview:large","max-video-preview":"max-video-preview:-1"},"canonical":"https:\/\/museum-mb.si\/en\/events\/regional-cookery-slovenia\/","og_locale":"en_GB","og_type":"article","og_title":"REGIONALNA KUHINJA SLOVENIJE &#8211; Pokrajinski muzej Maribor","og_description":"\u200bV Sloveniji smo leta 2006 dobili gastronomsko strategijo. To ni bil le \u0161e eden od brez\u0161tevilnih dokumentov, ki se nabirajo v omarah ministrstev in podjetij ampak obvezujo\u010de strokovno besedilo, ki smo ga za\u010deli sistemati\u010dno uresni\u010devati.\u00a0 \u010ceprav nekateri dr\u017eavni uradi \u0161e po treh, \u0161tirih letih od postavitve strategije niso vedeli za njo, \u00a0je zadeva dobivala iz [&hellip;]","og_url":"https:\/\/museum-mb.si\/en\/events\/regional-cookery-slovenia\/","og_site_name":"Pokrajinski muzej Maribor","article_publisher":"https:\/\/www.facebook.com\/pomum123","article_modified_time":"2024-11-07T09:50:49+00:00","og_image":[{"width":1920,"height":646,"url":"https:\/\/museum-mb.si\/wp-content\/uploads\/2022\/08\/01_TRGOVINANAJEM_header.jpg","type":"image\/jpeg"}],"twitter_card":"summary_large_image","twitter_misc":{"Estimated reading time":"1 minute"},"schema":{"@context":"https:\/\/schema.org","@graph":[{"@type":"WebPage","@id":"https:\/\/museum-mb.si\/dogodki\/regionalna-kuhinja-slovenije\/","url":"https:\/\/museum-mb.si\/dogodki\/regionalna-kuhinja-slovenije\/","name":"REGIONALNA KUHINJA SLOVENIJE &#8211; Pokrajinski muzej Maribor","isPartOf":{"@id":"https:\/\/museum-mb.si\/#website"},"primaryImageOfPage":{"@id":"https:\/\/museum-mb.si\/dogodki\/regionalna-kuhinja-slovenije\/#primaryimage"},"image":{"@id":"https:\/\/museum-mb.si\/dogodki\/regionalna-kuhinja-slovenije\/#primaryimage"},"thumbnailUrl":"https:\/\/museum-mb.si\/wp-content\/uploads\/2022\/08\/01_TRGOVINANAJEM_header.jpg","datePublished":"2022-09-29T15:26:53+00:00","dateModified":"2024-11-07T09:50:49+00:00","breadcrumb":{"@id":"https:\/\/museum-mb.si\/dogodki\/regionalna-kuhinja-slovenije\/#breadcrumb"},"inLanguage":"en-GB","potentialAction":[{"@type":"ReadAction","target":["https:\/\/museum-mb.si\/dogodki\/regionalna-kuhinja-slovenije\/"]}]},{"@type":"ImageObject","inLanguage":"en-GB","@id":"https:\/\/museum-mb.si\/dogodki\/regionalna-kuhinja-slovenije\/#primaryimage","url":"https:\/\/museum-mb.si\/wp-content\/uploads\/2022\/08\/01_TRGOVINANAJEM_header.jpg","contentUrl":"https:\/\/museum-mb.si\/wp-content\/uploads\/2022\/08\/01_TRGOVINANAJEM_header.jpg","width":1920,"height":646},{"@type":"BreadcrumbList","@id":"https:\/\/museum-mb.si\/dogodki\/regionalna-kuhinja-slovenije\/#breadcrumb","itemListElement":[{"@type":"ListItem","position":1,"name":"Domov","item":"https:\/\/museum-mb.si\/"},{"@type":"ListItem","position":2,"name":"Dogodki","item":"https:\/\/museum-mb.si\/dogodki\/"},{"@type":"ListItem","position":3,"name":"REGIONALNA KUHINJA SLOVENIJE"}]},{"@type":"WebSite","@id":"https:\/\/museum-mb.si\/#website","url":"https:\/\/museum-mb.si\/","name":"Maribor Regional Museum","description":"","publisher":{"@id":"https:\/\/museum-mb.si\/#organization"},"potentialAction":[{"@type":"SearchAction","target":{"@type":"EntryPoint","urlTemplate":"https:\/\/museum-mb.si\/?s={search_term_string}"},"query-input":{"@type":"PropertyValueSpecification","valueRequired":true,"valueName":"search_term_string"}}],"inLanguage":"en-GB"},{"@type":"Organization","@id":"https:\/\/museum-mb.si\/#organization","name":"Maribor Regional Museum","url":"https:\/\/museum-mb.si\/","logo":{"@type":"ImageObject","inLanguage":"en-GB","@id":"https:\/\/museum-mb.si\/#\/schema\/logo\/image\/","url":"https:\/\/museum-mb.si\/wp-content\/uploads\/2024\/12\/pmm_logo_barvni_jpeg.jpg","contentUrl":"https:\/\/museum-mb.si\/wp-content\/uploads\/2024\/12\/pmm_logo_barvni_jpeg.jpg","width":758,"height":754,"caption":"Pokrajinski muzej Maribor"},"image":{"@id":"https:\/\/museum-mb.si\/#\/schema\/logo\/image\/"},"sameAs":["https:\/\/www.facebook.com\/pomum123","https:\/\/www.instagram.com\/maribor_museum\/","https:\/\/www.youtube.com\/channel\/UCdshtCrun841Oc-35tYLBGQ"]}]}},"_links":{"self":[{"href":"https:\/\/museum-mb.si\/en\/wp-json\/wp\/v2\/dogodki\/74132","targetHints":{"allow":["GET"]}}],"collection":[{"href":"https:\/\/museum-mb.si\/en\/wp-json\/wp\/v2\/dogodki"}],"about":[{"href":"https:\/\/museum-mb.si\/en\/wp-json\/wp\/v2\/types\/dogodki"}],"version-history":[{"count":1,"href":"https:\/\/museum-mb.si\/en\/wp-json\/wp\/v2\/dogodki\/74132\/revisions"}],"predecessor-version":[{"id":78149,"href":"https:\/\/museum-mb.si\/en\/wp-json\/wp\/v2\/dogodki\/74132\/revisions\/78149"}],"wp:featuredmedia":[{"embeddable":true,"href":"https:\/\/museum-mb.si\/en\/wp-json\/wp\/v2\/media\/69258"}],"wp:attachment":[{"href":"https:\/\/museum-mb.si\/en\/wp-json\/wp\/v2\/media?parent=74132"}],"wp:term":[{"taxonomy":"vrsta-dogodka","embeddable":true,"href":"https:\/\/museum-mb.si\/en\/wp-json\/wp\/v2\/vrsta-dogodka?post=74132"}],"curies":[{"name":"wp","href":"https:\/\/api.w.org\/{rel}","templated":true}]}}

<p><span style="font-family: tahoma;">In Slovenia, we got a gastronomy strategy in 2006. It was not just another of the countless documents piling up in the cupboards of ministries and companies, but a binding professional text that we began to implement systematically. </span></p>
<p><span style="font-family: tahoma;">Although some government offices were still unaware of the strategy three or four years after it was set up, the matter was being implemented year after year. We are particularly pleased that in 2018 we have entered the "European Regions of Gastronomy", where a good number of projects proposed by some ministries and other stakeholders are to be implemented by 2021. </span></p>
<p><span style="font-family: tahoma;">Today, local and regional cuisine is strongly emphasised in world gastronomy. This is, in fact, humanity's logical response to the aggressiveness of global food desertification. </span></p>
<p><span style="font-family: tahoma;">For once, Slovenia can still boast great tastes, quality food, knowledge of the diet of the four seasons, and links to a food culture that is not just a matter of historical memory. On the other hand, however, we may be concerned about certain phenomena that could destroy this distinctive wealth in the near future and we could start drowning in a flood of global food abundance on a single hoof!</span></p>
<p><span style="font-family: tahoma;">The lecture will take place on Tuesday, 15 May 2018, at 18:00 in the Castle Café.</span></p>
<p>You are cordially invited!</p>

<!-- This site is optimized with the Yoast SEO plugin v27.5 - https://yoast.com/product/yoast-seo-wordpress/ -->
<title>REGIONALNA KUHINJA SLOVENIJE &#8211; Pokrajinski muzej Maribor</title>
<meta name="robots" content="index, follow, max-snippet:-1, max-image-preview:large, max-video-preview:-1" />
<link rel="canonical" href="https://museum-mb.si/en/events/regional-cookery-slovenia/" />
<meta property="og:locale" content="en_GB" />
<meta property="og:type" content="article" />
<meta property="og:title" content="REGIONALNA KUHINJA SLOVENIJE &#8211; Pokrajinski muzej Maribor" />
<meta property="og:description" content="​V Sloveniji smo leta 2006 dobili gastronomsko strategijo. To ni bil le še eden od brezštevilnih dokumentov, ki se nabirajo v omarah ministrstev in podjetij ampak obvezujoče strokovno besedilo, ki smo ga začeli sistematično uresničevati.  Čeprav nekateri državni uradi še po treh, štirih letih od postavitve strategije niso vedeli za njo,  je zadeva dobivala iz [&hellip;]" />
<meta property="og:url" content="https://museum-mb.si/en/events/regional-cookery-slovenia/" />
<meta property="og:site_name" content="Pokrajinski muzej Maribor" />
<meta property="article:publisher" content="https://www.facebook.com/pomum123" />
<meta property="article:modified_time" content="2024-11-07T09:50:49+00:00" />
<meta property="og:image" content="https://museum-mb.si/wp-content/uploads/2022/08/01_TRGOVINANAJEM_header.jpg" />
	<meta property="og:image:width" content="1920" />
	<meta property="og:image:height" content="646" />
	<meta property="og:image:type" content="image/jpeg" />
<meta name="twitter:card" content="summary_large_image" />
<meta name="twitter:label1" content="Estimated reading time" />
	<meta name="twitter:data1" content="1 minute" />
<script type="application/ld+json" class="yoast-schema-graph">{"@context":"https:\/\/schema.org","@graph":[{"@type":"WebPage","@id":"https:\/\/museum-mb.si\/dogodki\/regionalna-kuhinja-slovenije\/","url":"https:\/\/museum-mb.si\/dogodki\/regionalna-kuhinja-slovenije\/","name":"REGIONALNA KUHINJA SLOVENIJE &#8211; Pokrajinski muzej Maribor","isPartOf":{"@id":"https:\/\/museum-mb.si\/#website"},"primaryImageOfPage":{"@id":"https:\/\/museum-mb.si\/dogodki\/regionalna-kuhinja-slovenije\/#primaryimage"},"image":{"@id":"https:\/\/museum-mb.si\/dogodki\/regionalna-kuhinja-slovenije\/#primaryimage"},"thumbnailUrl":"https:\/\/museum-mb.si\/wp-content\/uploads\/2022\/08\/01_TRGOVINANAJEM_header.jpg","datePublished":"2022-09-29T15:26:53+00:00","dateModified":"2024-11-07T09:50:49+00:00","breadcrumb":{"@id":"https:\/\/museum-mb.si\/dogodki\/regionalna-kuhinja-slovenije\/#breadcrumb"},"inLanguage":"en-GB","potentialAction":[{"@type":"ReadAction","target":["https:\/\/museum-mb.si\/dogodki\/regionalna-kuhinja-slovenije\/"]}]},{"@type":"ImageObject","inLanguage":"en-GB","@id":"https:\/\/museum-mb.si\/dogodki\/regionalna-kuhinja-slovenije\/#primaryimage","url":"https:\/\/museum-mb.si\/wp-content\/uploads\/2022\/08\/01_TRGOVINANAJEM_header.jpg","contentUrl":"https:\/\/museum-mb.si\/wp-content\/uploads\/2022\/08\/01_TRGOVINANAJEM_header.jpg","width":1920,"height":646},{"@type":"BreadcrumbList","@id":"https:\/\/museum-mb.si\/dogodki\/regionalna-kuhinja-slovenije\/#breadcrumb","itemListElement":[{"@type":"ListItem","position":1,"name":"Domov","item":"https:\/\/museum-mb.si\/"},{"@type":"ListItem","position":2,"name":"Dogodki","item":"https:\/\/museum-mb.si\/dogodki\/"},{"@type":"ListItem","position":3,"name":"REGIONALNA KUHINJA SLOVENIJE"}]},{"@type":"WebSite","@id":"https:\/\/museum-mb.si\/#website","url":"https:\/\/museum-mb.si\/","name":"Pokrajinski muzej Maribor","description":"","publisher":{"@id":"https:\/\/museum-mb.si\/#organization"},"potentialAction":[{"@type":"SearchAction","target":{"@type":"EntryPoint","urlTemplate":"https:\/\/museum-mb.si\/?s={search_term_string}"},"query-input":{"@type":"PropertyValueSpecification","valueRequired":true,"valueName":"search_term_string"}}],"inLanguage":"en-GB"},{"@type":"Organization","@id":"https:\/\/museum-mb.si\/#organization","name":"Pokrajinski muzej Maribor","url":"https:\/\/museum-mb.si\/","logo":{"@type":"ImageObject","inLanguage":"en-GB","@id":"https:\/\/museum-mb.si\/#\/schema\/logo\/image\/","url":"https:\/\/museum-mb.si\/wp-content\/uploads\/2024\/12\/pmm_logo_barvni_jpeg.jpg","contentUrl":"https:\/\/museum-mb.si\/wp-content\/uploads\/2024\/12\/pmm_logo_barvni_jpeg.jpg","width":758,"height":754,"caption":"Pokrajinski muzej Maribor"},"image":{"@id":"https:\/\/museum-mb.si\/#\/schema\/logo\/image\/"},"sameAs":["https:\/\/www.facebook.com\/pomum123","https:\/\/www.instagram.com\/maribor_museum\/","https:\/\/www.youtube.com\/channel\/UCdshtCrun841Oc-35tYLBGQ"]}]}</script>
<!-- / Yoast SEO plugin. -->

​V Sloveniji smo leta 2006 dobili gastronomsko strategijo. To ni bil le še eden od brezštevilnih dokumentov, ki se nabirajo v omarah ministrstev in podjetij ampak obvezujoče strokovno besedilo, ki smo ga začeli sistematično uresničevati.  Čeprav nekateri državni uradi še po treh, štirih letih od postavitve strategije niso vedeli za njo,  je zadeva dobivala iz [&hellip;]
