{"id":78628,"date":"2024-12-05T11:44:05","date_gmt":"2024-12-05T10:44:05","guid":{"rendered":"https:\/\/museum-mb.si\/?post_type=dogodki&#038;p=78628"},"modified":"2025-12-10T14:11:26","modified_gmt":"2025-12-10T13:11:26","slug":"funf-punkte-erlebnis-winter-gesundheit","status":"publish","type":"dogodki","link":"https:\/\/museum-mb.si\/de\/veranstaltungen\/funf-punkte-erlebnis-winter-gesundheit\/","title":{"rendered":"EINE ERFAHRUNG MIT F\u00dcNF SINNEN: EIN GRUSS AN DEN WINTER"},"content":{"rendered":"<div class=\"xdj266r x11i5rnm xat24cr x1mh8g0r x1vvkbs\">\n<p style=\"text-align: center;\"><strong>20. Dezember, 18.00 Uhr<\/strong><\/p>\n<p style=\"text-align: center;\"><strong>FR\u00d6HLICHEN WINTER<\/strong><\/p>\n<p style=\"text-align: center;\">Eine Erfahrung mit f\u00fcnf Sinnen<\/p>\n<p style=\"text-align: center;\">Der erste Winterabend auf der Burg Maribor entf\u00fchrt Sie in die geheimnisvollste Zeit des Jahres mit einem Hauch von kulinarischen Gen\u00fcssen durch ein sinnliches Erlebnis der W\u00e4rme von Pelzm\u00e4nteln, der Kraft des Nordwindes, der Echos klassischer Musik und des Lichtspiels auf den Burgfresken.<\/p>\n<p style=\"text-align: center;\">\n<p style=\"text-align: center;\"><strong><em>Bezahltes Programm,\u00a0<\/em><\/strong><em>Der Preis betr\u00e4gt \u20ac 25,00 pro Teilnehmer. Anmeldungen werden bis zum 18. Dezember entgegengenommen, <\/em><em>oder bis die Pl\u00e4tze bei\u00a0<\/em><em>museum@museum-mb.si oder Telefon 02 228 35 51.<\/em><\/p>\n<p style=\"text-align: center;\"><em>\u00a0<\/em><\/p>\n<p style=\"text-align: center;\">(Rittersaal)<\/p>\n<\/div>","protected":false},"featured_media":78638,"template":"","vrsta-dogodka":[39],"class_list":["post-78628","dogodki","type-dogodki","status-publish","has-post-thumbnail","hentry","vrsta-dogodka-prihajajoci-dogodki"],"yoast_head":"<!-- This site is optimized with the Yoast SEO plugin v27.5 - https:\/\/yoast.com\/product\/yoast-seo-wordpress\/ -->\n<title>PET\u010cUTNO DO\u017dIVETJE: POZDRAV ZIMI &#8211; Pokrajinski muzej Maribor<\/title>\n<meta name=\"robots\" content=\"index, follow, max-snippet:-1, max-image-preview:large, max-video-preview:-1\" \/>\n<link rel=\"canonical\" href=\"https:\/\/museum-mb.si\/de\/veranstaltungen\/funf-punkte-erlebnis-winter-gesundheit\/\" \/>\n<meta property=\"og:locale\" content=\"de_DE\" \/>\n<meta property=\"og:type\" content=\"article\" \/>\n<meta property=\"og:title\" content=\"PET\u010cUTNO DO\u017dIVETJE: POZDRAV ZIMI &#8211; Pokrajinski muzej Maribor\" \/>\n<meta property=\"og:description\" content=\"20. december, ob 18.00 POZDRAV ZIMI Pet\u010dutno do\u017eivetje Prvi zimski ve\u010der v mariborskem gradu vas bo skozi senzori\u010dno izku\u0161njo topline krznenih pla\u0161\u010dev, mo\u010di severnega vetra, odmevov klasi\u010dne glasbe in igre svetlobe na grajskih freskah popeljal v najskrivnostnej\u0161i del leta s kan\u010dkom kulinari\u010dnih u\u017eitkov. Pla\u010dljiv program,\u00a0cena zna\u0161a 25,00 \u20ac na udele\u017eenca. Prijave sprejemamo do 18. 12., [&hellip;]\" \/>\n<meta property=\"og:url\" content=\"https:\/\/museum-mb.si\/de\/veranstaltungen\/funf-punkte-erlebnis-winter-gesundheit\/\" \/>\n<meta property=\"og:site_name\" content=\"Pokrajinski muzej Maribor\" \/>\n<meta property=\"article:publisher\" content=\"https:\/\/www.facebook.com\/pomum123\" \/>\n<meta property=\"article:modified_time\" content=\"2025-12-10T13:11:26+00:00\" \/>\n<meta property=\"og:image\" content=\"https:\/\/museum-mb.si\/wp-content\/uploads\/2024\/12\/Pozdrav-pomladi-marec-2024-foto-Marko-Pigac-8-min-scaled.jpg\" \/>\n\t<meta property=\"og:image:width\" content=\"2560\" \/>\n\t<meta property=\"og:image:height\" content=\"1707\" \/>\n\t<meta property=\"og:image:type\" content=\"image\/jpeg\" \/>\n<meta name=\"twitter:card\" content=\"summary_large_image\" \/>\n<meta name=\"twitter:label1\" content=\"Gesch\u00e4tzte Lesezeit\" \/>\n\t<meta name=\"twitter:data1\" content=\"1\u00a0Minute\" \/>\n<script type=\"application\/ld+json\" class=\"yoast-schema-graph\">{\"@context\":\"https:\\\/\\\/schema.org\",\"@graph\":[{\"@type\":\"WebPage\",\"@id\":\"https:\\\/\\\/museum-mb.si\\\/dogodki\\\/petcutno-dozivetje-pozdrav-zimi\\\/\",\"url\":\"https:\\\/\\\/museum-mb.si\\\/dogodki\\\/petcutno-dozivetje-pozdrav-zimi\\\/\",\"name\":\"PET\u010cUTNO DO\u017dIVETJE: POZDRAV ZIMI &#8211; Pokrajinski muzej Maribor\",\"isPartOf\":{\"@id\":\"https:\\\/\\\/museum-mb.si\\\/#website\"},\"primaryImageOfPage\":{\"@id\":\"https:\\\/\\\/museum-mb.si\\\/dogodki\\\/petcutno-dozivetje-pozdrav-zimi\\\/#primaryimage\"},\"image\":{\"@id\":\"https:\\\/\\\/museum-mb.si\\\/dogodki\\\/petcutno-dozivetje-pozdrav-zimi\\\/#primaryimage\"},\"thumbnailUrl\":\"https:\\\/\\\/museum-mb.si\\\/wp-content\\\/uploads\\\/2024\\\/12\\\/Pozdrav-pomladi-marec-2024-foto-Marko-Pigac-8-min-scaled.jpg\",\"datePublished\":\"2024-12-05T10:44:05+00:00\",\"dateModified\":\"2025-12-10T13:11:26+00:00\",\"breadcrumb\":{\"@id\":\"https:\\\/\\\/museum-mb.si\\\/dogodki\\\/petcutno-dozivetje-pozdrav-zimi\\\/#breadcrumb\"},\"inLanguage\":\"de\",\"potentialAction\":[{\"@type\":\"ReadAction\",\"target\":[\"https:\\\/\\\/museum-mb.si\\\/dogodki\\\/petcutno-dozivetje-pozdrav-zimi\\\/\"]}]},{\"@type\":\"ImageObject\",\"inLanguage\":\"de\",\"@id\":\"https:\\\/\\\/museum-mb.si\\\/dogodki\\\/petcutno-dozivetje-pozdrav-zimi\\\/#primaryimage\",\"url\":\"https:\\\/\\\/museum-mb.si\\\/wp-content\\\/uploads\\\/2024\\\/12\\\/Pozdrav-pomladi-marec-2024-foto-Marko-Pigac-8-min-scaled.jpg\",\"contentUrl\":\"https:\\\/\\\/museum-mb.si\\\/wp-content\\\/uploads\\\/2024\\\/12\\\/Pozdrav-pomladi-marec-2024-foto-Marko-Pigac-8-min-scaled.jpg\",\"width\":2560,\"height\":1707},{\"@type\":\"BreadcrumbList\",\"@id\":\"https:\\\/\\\/museum-mb.si\\\/dogodki\\\/petcutno-dozivetje-pozdrav-zimi\\\/#breadcrumb\",\"itemListElement\":[{\"@type\":\"ListItem\",\"position\":1,\"name\":\"Domov\",\"item\":\"https:\\\/\\\/museum-mb.si\\\/\"},{\"@type\":\"ListItem\",\"position\":2,\"name\":\"Dogodki\",\"item\":\"https:\\\/\\\/museum-mb.si\\\/dogodki\\\/\"},{\"@type\":\"ListItem\",\"position\":3,\"name\":\"PET\u010cUTNO DO\u017dIVETJE: POZDRAV ZIMI\"}]},{\"@type\":\"WebSite\",\"@id\":\"https:\\\/\\\/museum-mb.si\\\/#website\",\"url\":\"https:\\\/\\\/museum-mb.si\\\/\",\"name\":\"Pokrajinski muzej Maribor\",\"description\":\"\",\"publisher\":{\"@id\":\"https:\\\/\\\/museum-mb.si\\\/#organization\"},\"potentialAction\":[{\"@type\":\"SearchAction\",\"target\":{\"@type\":\"EntryPoint\",\"urlTemplate\":\"https:\\\/\\\/museum-mb.si\\\/?s={search_term_string}\"},\"query-input\":{\"@type\":\"PropertyValueSpecification\",\"valueRequired\":true,\"valueName\":\"search_term_string\"}}],\"inLanguage\":\"de\"},{\"@type\":\"Organization\",\"@id\":\"https:\\\/\\\/museum-mb.si\\\/#organization\",\"name\":\"Pokrajinski muzej Maribor\",\"url\":\"https:\\\/\\\/museum-mb.si\\\/\",\"logo\":{\"@type\":\"ImageObject\",\"inLanguage\":\"de\",\"@id\":\"https:\\\/\\\/museum-mb.si\\\/#\\\/schema\\\/logo\\\/image\\\/\",\"url\":\"https:\\\/\\\/museum-mb.si\\\/wp-content\\\/uploads\\\/2024\\\/12\\\/pmm_logo_barvni_jpeg.jpg\",\"contentUrl\":\"https:\\\/\\\/museum-mb.si\\\/wp-content\\\/uploads\\\/2024\\\/12\\\/pmm_logo_barvni_jpeg.jpg\",\"width\":758,\"height\":754,\"caption\":\"Pokrajinski muzej Maribor\"},\"image\":{\"@id\":\"https:\\\/\\\/museum-mb.si\\\/#\\\/schema\\\/logo\\\/image\\\/\"},\"sameAs\":[\"https:\\\/\\\/www.facebook.com\\\/pomum123\",\"https:\\\/\\\/www.instagram.com\\\/maribor_museum\\\/\",\"https:\\\/\\\/www.youtube.com\\\/channel\\\/UCdshtCrun841Oc-35tYLBGQ\"]}]}<\/script>\n<!-- \/ Yoast SEO plugin. -->","yoast_head_json":{"title":"PET\u010cUTNO DO\u017dIVETJE: POZDRAV ZIMI &#8211; Pokrajinski muzej Maribor","robots":{"index":"index","follow":"follow","max-snippet":"max-snippet:-1","max-image-preview":"max-image-preview:large","max-video-preview":"max-video-preview:-1"},"canonical":"https:\/\/museum-mb.si\/de\/veranstaltungen\/funf-punkte-erlebnis-winter-gesundheit\/","og_locale":"de_DE","og_type":"article","og_title":"PET\u010cUTNO DO\u017dIVETJE: POZDRAV ZIMI &#8211; Pokrajinski muzej Maribor","og_description":"20. december, ob 18.00 POZDRAV ZIMI Pet\u010dutno do\u017eivetje Prvi zimski ve\u010der v mariborskem gradu vas bo skozi senzori\u010dno izku\u0161njo topline krznenih pla\u0161\u010dev, mo\u010di severnega vetra, odmevov klasi\u010dne glasbe in igre svetlobe na grajskih freskah popeljal v najskrivnostnej\u0161i del leta s kan\u010dkom kulinari\u010dnih u\u017eitkov. Pla\u010dljiv program,\u00a0cena zna\u0161a 25,00 \u20ac na udele\u017eenca. Prijave sprejemamo do 18. 12., [&hellip;]","og_url":"https:\/\/museum-mb.si\/de\/veranstaltungen\/funf-punkte-erlebnis-winter-gesundheit\/","og_site_name":"Pokrajinski muzej Maribor","article_publisher":"https:\/\/www.facebook.com\/pomum123","article_modified_time":"2025-12-10T13:11:26+00:00","og_image":[{"width":2560,"height":1707,"url":"https:\/\/museum-mb.si\/wp-content\/uploads\/2024\/12\/Pozdrav-pomladi-marec-2024-foto-Marko-Pigac-8-min-scaled.jpg","type":"image\/jpeg"}],"twitter_card":"summary_large_image","twitter_misc":{"Gesch\u00e4tzte Lesezeit":"1\u00a0Minute"},"schema":{"@context":"https:\/\/schema.org","@graph":[{"@type":"WebPage","@id":"https:\/\/museum-mb.si\/dogodki\/petcutno-dozivetje-pozdrav-zimi\/","url":"https:\/\/museum-mb.si\/dogodki\/petcutno-dozivetje-pozdrav-zimi\/","name":"PET\u010cUTNO DO\u017dIVETJE: POZDRAV ZIMI &#8211; Pokrajinski muzej Maribor","isPartOf":{"@id":"https:\/\/museum-mb.si\/#website"},"primaryImageOfPage":{"@id":"https:\/\/museum-mb.si\/dogodki\/petcutno-dozivetje-pozdrav-zimi\/#primaryimage"},"image":{"@id":"https:\/\/museum-mb.si\/dogodki\/petcutno-dozivetje-pozdrav-zimi\/#primaryimage"},"thumbnailUrl":"https:\/\/museum-mb.si\/wp-content\/uploads\/2024\/12\/Pozdrav-pomladi-marec-2024-foto-Marko-Pigac-8-min-scaled.jpg","datePublished":"2024-12-05T10:44:05+00:00","dateModified":"2025-12-10T13:11:26+00:00","breadcrumb":{"@id":"https:\/\/museum-mb.si\/dogodki\/petcutno-dozivetje-pozdrav-zimi\/#breadcrumb"},"inLanguage":"de","potentialAction":[{"@type":"ReadAction","target":["https:\/\/museum-mb.si\/dogodki\/petcutno-dozivetje-pozdrav-zimi\/"]}]},{"@type":"ImageObject","inLanguage":"de","@id":"https:\/\/museum-mb.si\/dogodki\/petcutno-dozivetje-pozdrav-zimi\/#primaryimage","url":"https:\/\/museum-mb.si\/wp-content\/uploads\/2024\/12\/Pozdrav-pomladi-marec-2024-foto-Marko-Pigac-8-min-scaled.jpg","contentUrl":"https:\/\/museum-mb.si\/wp-content\/uploads\/2024\/12\/Pozdrav-pomladi-marec-2024-foto-Marko-Pigac-8-min-scaled.jpg","width":2560,"height":1707},{"@type":"BreadcrumbList","@id":"https:\/\/museum-mb.si\/dogodki\/petcutno-dozivetje-pozdrav-zimi\/#breadcrumb","itemListElement":[{"@type":"ListItem","position":1,"name":"Domov","item":"https:\/\/museum-mb.si\/"},{"@type":"ListItem","position":2,"name":"Dogodki","item":"https:\/\/museum-mb.si\/dogodki\/"},{"@type":"ListItem","position":3,"name":"PET\u010cUTNO DO\u017dIVETJE: POZDRAV ZIMI"}]},{"@type":"WebSite","@id":"https:\/\/museum-mb.si\/#website","url":"https:\/\/museum-mb.si\/","name":"Regionalmuseum Maribor","description":"","publisher":{"@id":"https:\/\/museum-mb.si\/#organization"},"potentialAction":[{"@type":"SearchAction","target":{"@type":"EntryPoint","urlTemplate":"https:\/\/museum-mb.si\/?s={search_term_string}"},"query-input":{"@type":"PropertyValueSpecification","valueRequired":true,"valueName":"search_term_string"}}],"inLanguage":"de"},{"@type":"Organization","@id":"https:\/\/museum-mb.si\/#organization","name":"Regionalmuseum Maribor","url":"https:\/\/museum-mb.si\/","logo":{"@type":"ImageObject","inLanguage":"de","@id":"https:\/\/museum-mb.si\/#\/schema\/logo\/image\/","url":"https:\/\/museum-mb.si\/wp-content\/uploads\/2024\/12\/pmm_logo_barvni_jpeg.jpg","contentUrl":"https:\/\/museum-mb.si\/wp-content\/uploads\/2024\/12\/pmm_logo_barvni_jpeg.jpg","width":758,"height":754,"caption":"Pokrajinski muzej Maribor"},"image":{"@id":"https:\/\/museum-mb.si\/#\/schema\/logo\/image\/"},"sameAs":["https:\/\/www.facebook.com\/pomum123","https:\/\/www.instagram.com\/maribor_museum\/","https:\/\/www.youtube.com\/channel\/UCdshtCrun841Oc-35tYLBGQ"]}]}},"_links":{"self":[{"href":"https:\/\/museum-mb.si\/de\/wp-json\/wp\/v2\/dogodki\/78628","targetHints":{"allow":["GET"]}}],"collection":[{"href":"https:\/\/museum-mb.si\/de\/wp-json\/wp\/v2\/dogodki"}],"about":[{"href":"https:\/\/museum-mb.si\/de\/wp-json\/wp\/v2\/types\/dogodki"}],"version-history":[{"count":3,"href":"https:\/\/museum-mb.si\/de\/wp-json\/wp\/v2\/dogodki\/78628\/revisions"}],"predecessor-version":[{"id":80920,"href":"https:\/\/museum-mb.si\/de\/wp-json\/wp\/v2\/dogodki\/78628\/revisions\/80920"}],"wp:featuredmedia":[{"embeddable":true,"href":"https:\/\/museum-mb.si\/de\/wp-json\/wp\/v2\/media\/78638"}],"wp:attachment":[{"href":"https:\/\/museum-mb.si\/de\/wp-json\/wp\/v2\/media?parent=78628"}],"wp:term":[{"taxonomy":"vrsta-dogodka","embeddable":true,"href":"https:\/\/museum-mb.si\/de\/wp-json\/wp\/v2\/vrsta-dogodka?post=78628"}],"curies":[{"name":"wp","href":"https:\/\/api.w.org\/{rel}","templated":true}]}}

EINE ERFAHRUNG MIT FÜNF SINNEN: EIN GRUSS AN DEN WINTER

<div class="xdj266r x11i5rnm xat24cr x1mh8g0r x1vvkbs">
<p style="text-align: center;"><strong>20. Dezember, 18.00 Uhr</strong></p>
<p style="text-align: center;"><strong>FRÖHLICHEN WINTER</strong></p>
<p style="text-align: center;">Eine Erfahrung mit fünf Sinnen</p>
<p style="text-align: center;">Der erste Winterabend auf der Burg Maribor entführt Sie in die geheimnisvollste Zeit des Jahres mit einem Hauch von kulinarischen Genüssen durch ein sinnliches Erlebnis der Wärme von Pelzmänteln, der Kraft des Nordwindes, der Echos klassischer Musik und des Lichtspiels auf den Burgfresken.</p>
<p style="text-align: center;">
<p style="text-align: center;"><strong><em>Bezahltes Programm, </em></strong><em>Der Preis beträgt € 25,00 pro Teilnehmer. Anmeldungen werden bis zum 18. Dezember entgegengenommen, </em><em>oder bis die Plätze bei </em><em>museum@museum-mb.si oder Telefon 02 228 35 51.</em></p>
<p style="text-align: center;"><em> </em></p>
<p style="text-align: center;">(Rittersaal)</p>
</div>

<!-- This site is optimized with the Yoast SEO plugin v27.5 - https://yoast.com/product/yoast-seo-wordpress/ -->
<title>PETČUTNO DOŽIVETJE: POZDRAV ZIMI &#8211; Pokrajinski muzej Maribor</title>
<meta name="robots" content="index, follow, max-snippet:-1, max-image-preview:large, max-video-preview:-1" />
<link rel="canonical" href="https://museum-mb.si/de/veranstaltungen/funf-punkte-erlebnis-winter-gesundheit/" />
<meta property="og:locale" content="de_DE" />
<meta property="og:type" content="article" />
<meta property="og:title" content="PETČUTNO DOŽIVETJE: POZDRAV ZIMI &#8211; Pokrajinski muzej Maribor" />
<meta property="og:description" content="20. december, ob 18.00 POZDRAV ZIMI Petčutno doživetje Prvi zimski večer v mariborskem gradu vas bo skozi senzorično izkušnjo topline krznenih plaščev, moči severnega vetra, odmevov klasične glasbe in igre svetlobe na grajskih freskah popeljal v najskrivnostnejši del leta s kančkom kulinaričnih užitkov. Plačljiv program, cena znaša 25,00 € na udeleženca. Prijave sprejemamo do 18. 12., [&hellip;]" />
<meta property="og:url" content="https://museum-mb.si/de/veranstaltungen/funf-punkte-erlebnis-winter-gesundheit/" />
<meta property="og:site_name" content="Pokrajinski muzej Maribor" />
<meta property="article:publisher" content="https://www.facebook.com/pomum123" />
<meta property="article:modified_time" content="2025-12-10T13:11:26+00:00" />
<meta property="og:image" content="https://museum-mb.si/wp-content/uploads/2024/12/Pozdrav-pomladi-marec-2024-foto-Marko-Pigac-8-min-scaled.jpg" />
	<meta property="og:image:width" content="2560" />
	<meta property="og:image:height" content="1707" />
	<meta property="og:image:type" content="image/jpeg" />
<meta name="twitter:card" content="summary_large_image" />
<meta name="twitter:label1" content="Geschätzte Lesezeit" />
	<meta name="twitter:data1" content="1 Minute" />
<script type="application/ld+json" class="yoast-schema-graph">{"@context":"https:\/\/schema.org","@graph":[{"@type":"WebPage","@id":"https:\/\/museum-mb.si\/dogodki\/petcutno-dozivetje-pozdrav-zimi\/","url":"https:\/\/museum-mb.si\/dogodki\/petcutno-dozivetje-pozdrav-zimi\/","name":"PETČUTNO DOŽIVETJE: POZDRAV ZIMI &#8211; Pokrajinski muzej Maribor","isPartOf":{"@id":"https:\/\/museum-mb.si\/#website"},"primaryImageOfPage":{"@id":"https:\/\/museum-mb.si\/dogodki\/petcutno-dozivetje-pozdrav-zimi\/#primaryimage"},"image":{"@id":"https:\/\/museum-mb.si\/dogodki\/petcutno-dozivetje-pozdrav-zimi\/#primaryimage"},"thumbnailUrl":"https:\/\/museum-mb.si\/wp-content\/uploads\/2024\/12\/Pozdrav-pomladi-marec-2024-foto-Marko-Pigac-8-min-scaled.jpg","datePublished":"2024-12-05T10:44:05+00:00","dateModified":"2025-12-10T13:11:26+00:00","breadcrumb":{"@id":"https:\/\/museum-mb.si\/dogodki\/petcutno-dozivetje-pozdrav-zimi\/#breadcrumb"},"inLanguage":"de","potentialAction":[{"@type":"ReadAction","target":["https:\/\/museum-mb.si\/dogodki\/petcutno-dozivetje-pozdrav-zimi\/"]}]},{"@type":"ImageObject","inLanguage":"de","@id":"https:\/\/museum-mb.si\/dogodki\/petcutno-dozivetje-pozdrav-zimi\/#primaryimage","url":"https:\/\/museum-mb.si\/wp-content\/uploads\/2024\/12\/Pozdrav-pomladi-marec-2024-foto-Marko-Pigac-8-min-scaled.jpg","contentUrl":"https:\/\/museum-mb.si\/wp-content\/uploads\/2024\/12\/Pozdrav-pomladi-marec-2024-foto-Marko-Pigac-8-min-scaled.jpg","width":2560,"height":1707},{"@type":"BreadcrumbList","@id":"https:\/\/museum-mb.si\/dogodki\/petcutno-dozivetje-pozdrav-zimi\/#breadcrumb","itemListElement":[{"@type":"ListItem","position":1,"name":"Domov","item":"https:\/\/museum-mb.si\/"},{"@type":"ListItem","position":2,"name":"Dogodki","item":"https:\/\/museum-mb.si\/dogodki\/"},{"@type":"ListItem","position":3,"name":"PETČUTNO DOŽIVETJE: POZDRAV ZIMI"}]},{"@type":"WebSite","@id":"https:\/\/museum-mb.si\/#website","url":"https:\/\/museum-mb.si\/","name":"Pokrajinski muzej Maribor","description":"","publisher":{"@id":"https:\/\/museum-mb.si\/#organization"},"potentialAction":[{"@type":"SearchAction","target":{"@type":"EntryPoint","urlTemplate":"https:\/\/museum-mb.si\/?s={search_term_string}"},"query-input":{"@type":"PropertyValueSpecification","valueRequired":true,"valueName":"search_term_string"}}],"inLanguage":"de"},{"@type":"Organization","@id":"https:\/\/museum-mb.si\/#organization","name":"Pokrajinski muzej Maribor","url":"https:\/\/museum-mb.si\/","logo":{"@type":"ImageObject","inLanguage":"de","@id":"https:\/\/museum-mb.si\/#\/schema\/logo\/image\/","url":"https:\/\/museum-mb.si\/wp-content\/uploads\/2024\/12\/pmm_logo_barvni_jpeg.jpg","contentUrl":"https:\/\/museum-mb.si\/wp-content\/uploads\/2024\/12\/pmm_logo_barvni_jpeg.jpg","width":758,"height":754,"caption":"Pokrajinski muzej Maribor"},"image":{"@id":"https:\/\/museum-mb.si\/#\/schema\/logo\/image\/"},"sameAs":["https:\/\/www.facebook.com\/pomum123","https:\/\/www.instagram.com\/maribor_museum\/","https:\/\/www.youtube.com\/channel\/UCdshtCrun841Oc-35tYLBGQ"]}]}</script>
<!-- / Yoast SEO plugin. -->

PETČUTNO DOŽIVETJE: POZDRAV ZIMI &#8211; Pokrajinski muzej Maribor

20. december, ob 18.00 POZDRAV ZIMI Petčutno doživetje Prvi zimski večer v mariborskem gradu vas bo skozi senzorično izkušnjo topline krznenih plaščev, moči severnega vetra, odmevov klasične glasbe in igre svetlobe na grajskih freskah popeljal v najskrivnostnejši del leta s kančkom kulinaričnih užitkov. Plačljiv program, cena znaša 25,00 € na udeleženca. Prijave sprejemamo do 18. 12., [&hellip;]

PETČUTNO DOŽIVETJE: POZDRAV ZIMI
