{"id":76364,"date":"2023-10-11T08:53:55","date_gmt":"2023-10-11T07:53:55","guid":{"rendered":"https:\/\/museum-mb.si\/?post_type=dogodki&#038;p=76364"},"modified":"2024-04-12T11:52:44","modified_gmt":"2024-04-12T10:52:44","slug":"wir-gehen-auf-unsere-eigenen-4","status":"publish","type":"dogodki","link":"https:\/\/museum-mb.si\/de\/veranstaltungen\/wir-gehen-auf-unsere-eigenen-4\/","title":{"rendered":"WIR SIND AUF UNS ALLEIN GESTELLT"},"content":{"rendered":"<p><strong>v<\/strong><strong> Donnerstag, 12. Oktober 2023 um 12.00 Uhr<\/strong><br \/>\n(Ausgangspunkt: Regionalmuseum Maribor, Grajska ulica 2)<\/p>\n<p>W\u00e4hrend der thematischen F\u00fchrung wird Dr. Valentina Bevc Varl, Museumsberaterin, Folgendes vorstellen<br \/>\neines der \u00e4ltesten B\u00fccher im Besitz des Regionalmuseums Maribor, das<br \/>\nPietro Andrea Matthiolis Apothekerbuch Kr\u00e4uterbuch von 1563.<br \/>\nAuf unserem Spaziergang zur Universit\u00e4tsbibliothek Maribor halten wir zun\u00e4chst an der<br \/>\neine Plakatausstellung auf dem Schlossplatz, die die 120-j\u00e4hrige Geschichte der Bibliothek pr\u00e4sentiert,<br \/>\nund ihr \u00e4ltestes Buch, P. Lombard, aus dem 12. Jahrhundert, wird in der Bibliothek selbst ausgestellt werden.<\/p>\n<p>Feierlichkeiten zum 120-j\u00e4hrigen Bestehen des Regionalmuseums Maribor<br \/>\nDas Programm \"Going Our Own Way\", in dem Kultureinrichtungen vorgestellt werden,<br \/>\ndie durch die Trennung von der Mutterinstitution - dem Regionalmuseum Maribor - entstanden sind,<br \/>\naber sie sind dennoch eng mit ihr verbunden.<\/p>\n<p>&nbsp;<\/p>\n<p>&nbsp;<\/p>","protected":false},"featured_media":76365,"template":"","vrsta-dogodka":[39],"class_list":["post-76364","dogodki","type-dogodki","status-publish","has-post-thumbnail","hentry","vrsta-dogodka-prihajajoci-dogodki"],"yoast_head":"<!-- This site is optimized with the Yoast SEO plugin v27.5 - https:\/\/yoast.com\/product\/yoast-seo-wordpress\/ -->\n<title>GREMO MI NA SVOJE &#8211; Pokrajinski muzej Maribor<\/title>\n<meta name=\"robots\" content=\"index, follow, max-snippet:-1, max-image-preview:large, max-video-preview:-1\" \/>\n<link rel=\"canonical\" href=\"https:\/\/museum-mb.si\/de\/veranstaltungen\/wir-gehen-auf-unsere-eigenen-4\/\" \/>\n<meta property=\"og:locale\" content=\"de_DE\" \/>\n<meta property=\"og:type\" content=\"article\" \/>\n<meta property=\"og:title\" content=\"GREMO MI NA SVOJE &#8211; Pokrajinski muzej Maribor\" \/>\n<meta property=\"og:description\" content=\"v \u010detrtek, 12. oktobra 2023 ob 12.00 (izhodi\u0161\u010de Pokrajinski muzej Maribor, Grajska ulica 2) Na tematskem vodstvu bo muzejska svetovalka dr. Valentina Bevc Varl predstavila eno izmed najstarej\u0161ih knjig, ki jo hrani Pokrajinski muzej Maribor, to je lekarni\u0161ka knjiga Pietra Andree Matthiolija Kr\u00e4uterbuch (Knjiga zeli\u0161\u010d) iz leta 1563. Na sprehodu do Univerzitetne knji\u017enice Maribor se [&hellip;]\" \/>\n<meta property=\"og:url\" content=\"https:\/\/museum-mb.si\/de\/veranstaltungen\/wir-gehen-auf-unsere-eigenen-4\/\" \/>\n<meta property=\"og:site_name\" content=\"Pokrajinski muzej Maribor\" \/>\n<meta property=\"article:publisher\" content=\"https:\/\/www.facebook.com\/pomum123\" \/>\n<meta property=\"article:modified_time\" content=\"2024-04-12T10:52:44+00:00\" \/>\n<meta property=\"og:image\" content=\"https:\/\/museum-mb.si\/wp-content\/uploads\/2023\/10\/418000886-scaled.jpg\" \/>\n\t<meta property=\"og:image:width\" content=\"2560\" \/>\n\t<meta property=\"og:image:height\" content=\"1721\" \/>\n\t<meta property=\"og:image:type\" content=\"image\/jpeg\" \/>\n<meta name=\"twitter:card\" content=\"summary_large_image\" \/>\n<meta name=\"twitter:label1\" content=\"Gesch\u00e4tzte Lesezeit\" \/>\n\t<meta name=\"twitter:data1\" content=\"1\u00a0Minute\" \/>\n<script type=\"application\/ld+json\" class=\"yoast-schema-graph\">{\"@context\":\"https:\\\/\\\/schema.org\",\"@graph\":[{\"@type\":\"WebPage\",\"@id\":\"https:\\\/\\\/museum-mb.si\\\/dogodki\\\/gremo-mi-na-svoje-4\\\/\",\"url\":\"https:\\\/\\\/museum-mb.si\\\/dogodki\\\/gremo-mi-na-svoje-4\\\/\",\"name\":\"GREMO MI NA SVOJE &#8211; Pokrajinski muzej Maribor\",\"isPartOf\":{\"@id\":\"https:\\\/\\\/museum-mb.si\\\/#website\"},\"primaryImageOfPage\":{\"@id\":\"https:\\\/\\\/museum-mb.si\\\/dogodki\\\/gremo-mi-na-svoje-4\\\/#primaryimage\"},\"image\":{\"@id\":\"https:\\\/\\\/museum-mb.si\\\/dogodki\\\/gremo-mi-na-svoje-4\\\/#primaryimage\"},\"thumbnailUrl\":\"https:\\\/\\\/museum-mb.si\\\/wp-content\\\/uploads\\\/2023\\\/10\\\/418000886-scaled.jpg\",\"datePublished\":\"2023-10-11T07:53:55+00:00\",\"dateModified\":\"2024-04-12T10:52:44+00:00\",\"breadcrumb\":{\"@id\":\"https:\\\/\\\/museum-mb.si\\\/dogodki\\\/gremo-mi-na-svoje-4\\\/#breadcrumb\"},\"inLanguage\":\"de\",\"potentialAction\":[{\"@type\":\"ReadAction\",\"target\":[\"https:\\\/\\\/museum-mb.si\\\/dogodki\\\/gremo-mi-na-svoje-4\\\/\"]}]},{\"@type\":\"ImageObject\",\"inLanguage\":\"de\",\"@id\":\"https:\\\/\\\/museum-mb.si\\\/dogodki\\\/gremo-mi-na-svoje-4\\\/#primaryimage\",\"url\":\"https:\\\/\\\/museum-mb.si\\\/wp-content\\\/uploads\\\/2023\\\/10\\\/418000886-scaled.jpg\",\"contentUrl\":\"https:\\\/\\\/museum-mb.si\\\/wp-content\\\/uploads\\\/2023\\\/10\\\/418000886-scaled.jpg\",\"width\":2560,\"height\":1721},{\"@type\":\"BreadcrumbList\",\"@id\":\"https:\\\/\\\/museum-mb.si\\\/dogodki\\\/gremo-mi-na-svoje-4\\\/#breadcrumb\",\"itemListElement\":[{\"@type\":\"ListItem\",\"position\":1,\"name\":\"Domov\",\"item\":\"https:\\\/\\\/museum-mb.si\\\/\"},{\"@type\":\"ListItem\",\"position\":2,\"name\":\"Dogodki\",\"item\":\"https:\\\/\\\/museum-mb.si\\\/dogodki\\\/\"},{\"@type\":\"ListItem\",\"position\":3,\"name\":\"GREMO MI NA SVOJE\"}]},{\"@type\":\"WebSite\",\"@id\":\"https:\\\/\\\/museum-mb.si\\\/#website\",\"url\":\"https:\\\/\\\/museum-mb.si\\\/\",\"name\":\"Pokrajinski muzej Maribor\",\"description\":\"\",\"publisher\":{\"@id\":\"https:\\\/\\\/museum-mb.si\\\/#organization\"},\"potentialAction\":[{\"@type\":\"SearchAction\",\"target\":{\"@type\":\"EntryPoint\",\"urlTemplate\":\"https:\\\/\\\/museum-mb.si\\\/?s={search_term_string}\"},\"query-input\":{\"@type\":\"PropertyValueSpecification\",\"valueRequired\":true,\"valueName\":\"search_term_string\"}}],\"inLanguage\":\"de\"},{\"@type\":\"Organization\",\"@id\":\"https:\\\/\\\/museum-mb.si\\\/#organization\",\"name\":\"Pokrajinski muzej Maribor\",\"url\":\"https:\\\/\\\/museum-mb.si\\\/\",\"logo\":{\"@type\":\"ImageObject\",\"inLanguage\":\"de\",\"@id\":\"https:\\\/\\\/museum-mb.si\\\/#\\\/schema\\\/logo\\\/image\\\/\",\"url\":\"https:\\\/\\\/museum-mb.si\\\/wp-content\\\/uploads\\\/2024\\\/12\\\/pmm_logo_barvni_jpeg.jpg\",\"contentUrl\":\"https:\\\/\\\/museum-mb.si\\\/wp-content\\\/uploads\\\/2024\\\/12\\\/pmm_logo_barvni_jpeg.jpg\",\"width\":758,\"height\":754,\"caption\":\"Pokrajinski muzej Maribor\"},\"image\":{\"@id\":\"https:\\\/\\\/museum-mb.si\\\/#\\\/schema\\\/logo\\\/image\\\/\"},\"sameAs\":[\"https:\\\/\\\/www.facebook.com\\\/pomum123\",\"https:\\\/\\\/www.instagram.com\\\/maribor_museum\\\/\",\"https:\\\/\\\/www.youtube.com\\\/channel\\\/UCdshtCrun841Oc-35tYLBGQ\"]}]}<\/script>\n<!-- \/ Yoast SEO plugin. -->","yoast_head_json":{"title":"WIR HABEN UNSER EIGENES - Regionalmuseum Maribor","robots":{"index":"index","follow":"follow","max-snippet":"max-snippet:-1","max-image-preview":"max-image-preview:large","max-video-preview":"max-video-preview:-1"},"canonical":"https:\/\/museum-mb.si\/de\/veranstaltungen\/wir-gehen-auf-unsere-eigenen-4\/","og_locale":"de_DE","og_type":"article","og_title":"GREMO MI NA SVOJE &#8211; Pokrajinski muzej Maribor","og_description":"v \u010detrtek, 12. oktobra 2023 ob 12.00 (izhodi\u0161\u010de Pokrajinski muzej Maribor, Grajska ulica 2) Na tematskem vodstvu bo muzejska svetovalka dr. Valentina Bevc Varl predstavila eno izmed najstarej\u0161ih knjig, ki jo hrani Pokrajinski muzej Maribor, to je lekarni\u0161ka knjiga Pietra Andree Matthiolija Kr\u00e4uterbuch (Knjiga zeli\u0161\u010d) iz leta 1563. Na sprehodu do Univerzitetne knji\u017enice Maribor se [&hellip;]","og_url":"https:\/\/museum-mb.si\/de\/veranstaltungen\/wir-gehen-auf-unsere-eigenen-4\/","og_site_name":"Pokrajinski muzej Maribor","article_publisher":"https:\/\/www.facebook.com\/pomum123","article_modified_time":"2024-04-12T10:52:44+00:00","og_image":[{"width":2560,"height":1721,"url":"https:\/\/museum-mb.si\/wp-content\/uploads\/2023\/10\/418000886-scaled.jpg","type":"image\/jpeg"}],"twitter_card":"summary_large_image","twitter_misc":{"Gesch\u00e4tzte Lesezeit":"1\u00a0Minute"},"schema":{"@context":"https:\/\/schema.org","@graph":[{"@type":"WebPage","@id":"https:\/\/museum-mb.si\/dogodki\/gremo-mi-na-svoje-4\/","url":"https:\/\/museum-mb.si\/dogodki\/gremo-mi-na-svoje-4\/","name":"WIR HABEN UNSER EIGENES - Regionalmuseum Maribor","isPartOf":{"@id":"https:\/\/museum-mb.si\/#website"},"primaryImageOfPage":{"@id":"https:\/\/museum-mb.si\/dogodki\/gremo-mi-na-svoje-4\/#primaryimage"},"image":{"@id":"https:\/\/museum-mb.si\/dogodki\/gremo-mi-na-svoje-4\/#primaryimage"},"thumbnailUrl":"https:\/\/museum-mb.si\/wp-content\/uploads\/2023\/10\/418000886-scaled.jpg","datePublished":"2023-10-11T07:53:55+00:00","dateModified":"2024-04-12T10:52:44+00:00","breadcrumb":{"@id":"https:\/\/museum-mb.si\/dogodki\/gremo-mi-na-svoje-4\/#breadcrumb"},"inLanguage":"de","potentialAction":[{"@type":"ReadAction","target":["https:\/\/museum-mb.si\/dogodki\/gremo-mi-na-svoje-4\/"]}]},{"@type":"ImageObject","inLanguage":"de","@id":"https:\/\/museum-mb.si\/dogodki\/gremo-mi-na-svoje-4\/#primaryimage","url":"https:\/\/museum-mb.si\/wp-content\/uploads\/2023\/10\/418000886-scaled.jpg","contentUrl":"https:\/\/museum-mb.si\/wp-content\/uploads\/2023\/10\/418000886-scaled.jpg","width":2560,"height":1721},{"@type":"BreadcrumbList","@id":"https:\/\/museum-mb.si\/dogodki\/gremo-mi-na-svoje-4\/#breadcrumb","itemListElement":[{"@type":"ListItem","position":1,"name":"Domov","item":"https:\/\/museum-mb.si\/"},{"@type":"ListItem","position":2,"name":"Dogodki","item":"https:\/\/museum-mb.si\/dogodki\/"},{"@type":"ListItem","position":3,"name":"GREMO MI NA SVOJE"}]},{"@type":"WebSite","@id":"https:\/\/museum-mb.si\/#website","url":"https:\/\/museum-mb.si\/","name":"Regionalmuseum Maribor","description":"","publisher":{"@id":"https:\/\/museum-mb.si\/#organization"},"potentialAction":[{"@type":"SearchAction","target":{"@type":"EntryPoint","urlTemplate":"https:\/\/museum-mb.si\/?s={search_term_string}"},"query-input":{"@type":"PropertyValueSpecification","valueRequired":true,"valueName":"search_term_string"}}],"inLanguage":"de"},{"@type":"Organization","@id":"https:\/\/museum-mb.si\/#organization","name":"Regionalmuseum Maribor","url":"https:\/\/museum-mb.si\/","logo":{"@type":"ImageObject","inLanguage":"de","@id":"https:\/\/museum-mb.si\/#\/schema\/logo\/image\/","url":"https:\/\/museum-mb.si\/wp-content\/uploads\/2024\/12\/pmm_logo_barvni_jpeg.jpg","contentUrl":"https:\/\/museum-mb.si\/wp-content\/uploads\/2024\/12\/pmm_logo_barvni_jpeg.jpg","width":758,"height":754,"caption":"Pokrajinski muzej Maribor"},"image":{"@id":"https:\/\/museum-mb.si\/#\/schema\/logo\/image\/"},"sameAs":["https:\/\/www.facebook.com\/pomum123","https:\/\/www.instagram.com\/maribor_museum\/","https:\/\/www.youtube.com\/channel\/UCdshtCrun841Oc-35tYLBGQ"]}]}},"_links":{"self":[{"href":"https:\/\/museum-mb.si\/de\/wp-json\/wp\/v2\/dogodki\/76364","targetHints":{"allow":["GET"]}}],"collection":[{"href":"https:\/\/museum-mb.si\/de\/wp-json\/wp\/v2\/dogodki"}],"about":[{"href":"https:\/\/museum-mb.si\/de\/wp-json\/wp\/v2\/types\/dogodki"}],"version-history":[{"count":1,"href":"https:\/\/museum-mb.si\/de\/wp-json\/wp\/v2\/dogodki\/76364\/revisions"}],"predecessor-version":[{"id":78209,"href":"https:\/\/museum-mb.si\/de\/wp-json\/wp\/v2\/dogodki\/76364\/revisions\/78209"}],"wp:featuredmedia":[{"embeddable":true,"href":"https:\/\/museum-mb.si\/de\/wp-json\/wp\/v2\/media\/76365"}],"wp:attachment":[{"href":"https:\/\/museum-mb.si\/de\/wp-json\/wp\/v2\/media?parent=76364"}],"wp:term":[{"taxonomy":"vrsta-dogodka","embeddable":true,"href":"https:\/\/museum-mb.si\/de\/wp-json\/wp\/v2\/vrsta-dogodka?post=76364"}],"curies":[{"name":"wp","href":"https:\/\/api.w.org\/{rel}","templated":true}]}}

<p><strong>v</strong><strong> Donnerstag, 12. Oktober 2023 um 12.00 Uhr</strong><br />
(Ausgangspunkt: Regionalmuseum Maribor, Grajska ulica 2)</p>
<p>Während der thematischen Führung wird Dr. Valentina Bevc Varl, Museumsberaterin, Folgendes vorstellen<br />
eines der ältesten Bücher im Besitz des Regionalmuseums Maribor, das<br />
Pietro Andrea Matthiolis Apothekerbuch Kräuterbuch von 1563.<br />
Auf unserem Spaziergang zur Universitätsbibliothek Maribor halten wir zunächst an der<br />
eine Plakatausstellung auf dem Schlossplatz, die die 120-jährige Geschichte der Bibliothek präsentiert,<br />
und ihr ältestes Buch, P. Lombard, aus dem 12. Jahrhundert, wird in der Bibliothek selbst ausgestellt werden.</p>
<p>Feierlichkeiten zum 120-jährigen Bestehen des Regionalmuseums Maribor<br />
Das Programm "Going Our Own Way", in dem Kultureinrichtungen vorgestellt werden,<br />
die durch die Trennung von der Mutterinstitution - dem Regionalmuseum Maribor - entstanden sind,<br />
aber sie sind dennoch eng mit ihr verbunden.</p>
<p>&nbsp;</p>
<p>&nbsp;</p>

<!-- This site is optimized with the Yoast SEO plugin v27.5 - https://yoast.com/product/yoast-seo-wordpress/ -->
<title>GREMO MI NA SVOJE &#8211; Pokrajinski muzej Maribor</title>
<meta name="robots" content="index, follow, max-snippet:-1, max-image-preview:large, max-video-preview:-1" />
<link rel="canonical" href="https://museum-mb.si/de/veranstaltungen/wir-gehen-auf-unsere-eigenen-4/" />
<meta property="og:locale" content="de_DE" />
<meta property="og:type" content="article" />
<meta property="og:title" content="GREMO MI NA SVOJE &#8211; Pokrajinski muzej Maribor" />
<meta property="og:description" content="v četrtek, 12. oktobra 2023 ob 12.00 (izhodišče Pokrajinski muzej Maribor, Grajska ulica 2) Na tematskem vodstvu bo muzejska svetovalka dr. Valentina Bevc Varl predstavila eno izmed najstarejših knjig, ki jo hrani Pokrajinski muzej Maribor, to je lekarniška knjiga Pietra Andree Matthiolija Kräuterbuch (Knjiga zelišč) iz leta 1563. Na sprehodu do Univerzitetne knjižnice Maribor se [&hellip;]" />
<meta property="og:url" content="https://museum-mb.si/de/veranstaltungen/wir-gehen-auf-unsere-eigenen-4/" />
<meta property="og:site_name" content="Pokrajinski muzej Maribor" />
<meta property="article:publisher" content="https://www.facebook.com/pomum123" />
<meta property="article:modified_time" content="2024-04-12T10:52:44+00:00" />
<meta property="og:image" content="https://museum-mb.si/wp-content/uploads/2023/10/418000886-scaled.jpg" />
	<meta property="og:image:width" content="2560" />
	<meta property="og:image:height" content="1721" />
	<meta property="og:image:type" content="image/jpeg" />
<meta name="twitter:card" content="summary_large_image" />
<meta name="twitter:label1" content="Geschätzte Lesezeit" />
	<meta name="twitter:data1" content="1 Minute" />
<script type="application/ld+json" class="yoast-schema-graph">{"@context":"https:\/\/schema.org","@graph":[{"@type":"WebPage","@id":"https:\/\/museum-mb.si\/dogodki\/gremo-mi-na-svoje-4\/","url":"https:\/\/museum-mb.si\/dogodki\/gremo-mi-na-svoje-4\/","name":"GREMO MI NA SVOJE &#8211; Pokrajinski muzej Maribor","isPartOf":{"@id":"https:\/\/museum-mb.si\/#website"},"primaryImageOfPage":{"@id":"https:\/\/museum-mb.si\/dogodki\/gremo-mi-na-svoje-4\/#primaryimage"},"image":{"@id":"https:\/\/museum-mb.si\/dogodki\/gremo-mi-na-svoje-4\/#primaryimage"},"thumbnailUrl":"https:\/\/museum-mb.si\/wp-content\/uploads\/2023\/10\/418000886-scaled.jpg","datePublished":"2023-10-11T07:53:55+00:00","dateModified":"2024-04-12T10:52:44+00:00","breadcrumb":{"@id":"https:\/\/museum-mb.si\/dogodki\/gremo-mi-na-svoje-4\/#breadcrumb"},"inLanguage":"de","potentialAction":[{"@type":"ReadAction","target":["https:\/\/museum-mb.si\/dogodki\/gremo-mi-na-svoje-4\/"]}]},{"@type":"ImageObject","inLanguage":"de","@id":"https:\/\/museum-mb.si\/dogodki\/gremo-mi-na-svoje-4\/#primaryimage","url":"https:\/\/museum-mb.si\/wp-content\/uploads\/2023\/10\/418000886-scaled.jpg","contentUrl":"https:\/\/museum-mb.si\/wp-content\/uploads\/2023\/10\/418000886-scaled.jpg","width":2560,"height":1721},{"@type":"BreadcrumbList","@id":"https:\/\/museum-mb.si\/dogodki\/gremo-mi-na-svoje-4\/#breadcrumb","itemListElement":[{"@type":"ListItem","position":1,"name":"Domov","item":"https:\/\/museum-mb.si\/"},{"@type":"ListItem","position":2,"name":"Dogodki","item":"https:\/\/museum-mb.si\/dogodki\/"},{"@type":"ListItem","position":3,"name":"GREMO MI NA SVOJE"}]},{"@type":"WebSite","@id":"https:\/\/museum-mb.si\/#website","url":"https:\/\/museum-mb.si\/","name":"Pokrajinski muzej Maribor","description":"","publisher":{"@id":"https:\/\/museum-mb.si\/#organization"},"potentialAction":[{"@type":"SearchAction","target":{"@type":"EntryPoint","urlTemplate":"https:\/\/museum-mb.si\/?s={search_term_string}"},"query-input":{"@type":"PropertyValueSpecification","valueRequired":true,"valueName":"search_term_string"}}],"inLanguage":"de"},{"@type":"Organization","@id":"https:\/\/museum-mb.si\/#organization","name":"Pokrajinski muzej Maribor","url":"https:\/\/museum-mb.si\/","logo":{"@type":"ImageObject","inLanguage":"de","@id":"https:\/\/museum-mb.si\/#\/schema\/logo\/image\/","url":"https:\/\/museum-mb.si\/wp-content\/uploads\/2024\/12\/pmm_logo_barvni_jpeg.jpg","contentUrl":"https:\/\/museum-mb.si\/wp-content\/uploads\/2024\/12\/pmm_logo_barvni_jpeg.jpg","width":758,"height":754,"caption":"Pokrajinski muzej Maribor"},"image":{"@id":"https:\/\/museum-mb.si\/#\/schema\/logo\/image\/"},"sameAs":["https:\/\/www.facebook.com\/pomum123","https:\/\/www.instagram.com\/maribor_museum\/","https:\/\/www.youtube.com\/channel\/UCdshtCrun841Oc-35tYLBGQ"]}]}</script>
<!-- / Yoast SEO plugin. -->

v četrtek, 12. oktobra 2023 ob 12.00 (izhodišče Pokrajinski muzej Maribor, Grajska ulica 2) Na tematskem vodstvu bo muzejska svetovalka dr. Valentina Bevc Varl predstavila eno izmed najstarejših knjig, ki jo hrani Pokrajinski muzej Maribor, to je lekarniška knjiga Pietra Andree Matthiolija Kräuterbuch (Knjiga zelišč) iz leta 1563. Na sprehodu do Univerzitetne knjižnice Maribor se [&hellip;]
