{"id":75738,"date":"2023-06-16T11:47:55","date_gmt":"2023-06-16T10:47:55","guid":{"rendered":"https:\/\/museum-mb.si\/?post_type=dogodki&#038;p=75738"},"modified":"2024-11-08T09:53:22","modified_gmt":"2024-11-08T08:53:22","slug":"grajski-muc-tigi-na-art-kampu-2023","status":"publish","type":"dogodki","link":"https:\/\/museum-mb.si\/de\/veranstaltungen\/grajski-muc-tigi-na-art-kampu-2023\/","title":{"rendered":"TIGI DAS SCHLOSSK\u00c4TZCHEN IM KUNSTCAMP 2023"},"content":{"rendered":"<p>Das Regionalmuseum Maribor pr\u00e4sentiert das Schlossk\u00e4tzchen Tigi auf dem diesj\u00e4hrigen Art Camp 2023 im Rahmen des Fastenfestes.<\/p>\n<p>Das Museum wird an die Parkumgebung angepasst und unterscheidet sich in Inhalt und Durchf\u00fchrung vom Museumsprogramm. Es gliedert sich in ein Puppenspiel, bei dem den Kindern ausgew\u00e4hlte Objekte (Schild, Siegel, Schl\u00fcssel zum Stadttor, alter Schmuck usw.) vorgestellt werden, und einen Workshop, bei dem sie Siegel herstellen und erfahren, welche Teile des mittelalterlichen Maribor heute noch erhalten sind.<\/p>\n<p>Sie sind herzlich eingeladen, sich uns anzuschlie\u00dfen:<\/p>\n<ul>\n<li>26\/06\/2023 vormittags und nachmittags<\/li>\n<li>27. Juni 2023 vormittags und nachmittags<\/li>\n<li>28. Juni 2023 am Vormittag;<\/li>\n<\/ul>\n<p>&nbsp;<\/p>\n<p>&nbsp;<\/p>\n<p>&nbsp;<\/p>\n<p>&nbsp;<\/p>\n<p>&nbsp;<\/p>\n<p>&nbsp;<\/p>","protected":false},"featured_media":75739,"template":"","vrsta-dogodka":[39],"class_list":["post-75738","dogodki","type-dogodki","status-publish","has-post-thumbnail","hentry","vrsta-dogodka-prihajajoci-dogodki"],"yoast_head":"<!-- This site is optimized with the Yoast SEO plugin v27.5 - https:\/\/yoast.com\/product\/yoast-seo-wordpress\/ -->\n<title>GRAJSKI MUC TIGI NA ART KAMPU 2023 &#8211; Pokrajinski muzej Maribor<\/title>\n<meta name=\"robots\" content=\"index, follow, max-snippet:-1, max-image-preview:large, max-video-preview:-1\" \/>\n<link rel=\"canonical\" href=\"https:\/\/museum-mb.si\/de\/veranstaltungen\/grajski-muc-tigi-na-art-kampu-2023\/\" \/>\n<meta property=\"og:locale\" content=\"de_DE\" \/>\n<meta property=\"og:type\" content=\"article\" \/>\n<meta property=\"og:title\" content=\"GRAJSKI MUC TIGI NA ART KAMPU 2023 &#8211; Pokrajinski muzej Maribor\" \/>\n<meta property=\"og:description\" content=\"Pokrajinski muzej Maribor bo letos na Art Kampu 2023, v okviru Festivala Lent, predstavil muzejnico Grajski muc Tigi. Muzejnica bo prilagojena ambientu v parku in se bo vsebinsko in izvedbeno razlikovala od programa v muzeju. Delila se bo na lutkovno igro, kjer otrokom Tigi predstavi izbrane predmete (\u0161\u010dit, pe\u010datnik, klju\u010d mestnih vrat, stari nakit itd.) [&hellip;]\" \/>\n<meta property=\"og:url\" content=\"https:\/\/museum-mb.si\/de\/veranstaltungen\/grajski-muc-tigi-na-art-kampu-2023\/\" \/>\n<meta property=\"og:site_name\" content=\"Pokrajinski muzej Maribor\" \/>\n<meta property=\"article:publisher\" content=\"https:\/\/www.facebook.com\/pomum123\" \/>\n<meta property=\"article:modified_time\" content=\"2024-11-08T08:53:22+00:00\" \/>\n<meta property=\"og:image\" content=\"https:\/\/museum-mb.si\/wp-content\/uploads\/2023\/06\/DSC02943-manjsa.jpg\" \/>\n\t<meta property=\"og:image:width\" content=\"2400\" \/>\n\t<meta property=\"og:image:height\" content=\"1607\" \/>\n\t<meta property=\"og:image:type\" content=\"image\/jpeg\" \/>\n<meta name=\"twitter:card\" content=\"summary_large_image\" \/>\n<script type=\"application\/ld+json\" class=\"yoast-schema-graph\">{\"@context\":\"https:\\\/\\\/schema.org\",\"@graph\":[{\"@type\":\"WebPage\",\"@id\":\"https:\\\/\\\/museum-mb.si\\\/dogodki\\\/grajski-muc-tigi-na-art-kampu-2023\\\/\",\"url\":\"https:\\\/\\\/museum-mb.si\\\/dogodki\\\/grajski-muc-tigi-na-art-kampu-2023\\\/\",\"name\":\"GRAJSKI MUC TIGI NA ART KAMPU 2023 &#8211; Pokrajinski muzej Maribor\",\"isPartOf\":{\"@id\":\"https:\\\/\\\/museum-mb.si\\\/#website\"},\"primaryImageOfPage\":{\"@id\":\"https:\\\/\\\/museum-mb.si\\\/dogodki\\\/grajski-muc-tigi-na-art-kampu-2023\\\/#primaryimage\"},\"image\":{\"@id\":\"https:\\\/\\\/museum-mb.si\\\/dogodki\\\/grajski-muc-tigi-na-art-kampu-2023\\\/#primaryimage\"},\"thumbnailUrl\":\"https:\\\/\\\/museum-mb.si\\\/wp-content\\\/uploads\\\/2023\\\/06\\\/DSC02943-manjsa.jpg\",\"datePublished\":\"2023-06-16T10:47:55+00:00\",\"dateModified\":\"2024-11-08T08:53:22+00:00\",\"breadcrumb\":{\"@id\":\"https:\\\/\\\/museum-mb.si\\\/dogodki\\\/grajski-muc-tigi-na-art-kampu-2023\\\/#breadcrumb\"},\"inLanguage\":\"de\",\"potentialAction\":[{\"@type\":\"ReadAction\",\"target\":[\"https:\\\/\\\/museum-mb.si\\\/dogodki\\\/grajski-muc-tigi-na-art-kampu-2023\\\/\"]}]},{\"@type\":\"ImageObject\",\"inLanguage\":\"de\",\"@id\":\"https:\\\/\\\/museum-mb.si\\\/dogodki\\\/grajski-muc-tigi-na-art-kampu-2023\\\/#primaryimage\",\"url\":\"https:\\\/\\\/museum-mb.si\\\/wp-content\\\/uploads\\\/2023\\\/06\\\/DSC02943-manjsa.jpg\",\"contentUrl\":\"https:\\\/\\\/museum-mb.si\\\/wp-content\\\/uploads\\\/2023\\\/06\\\/DSC02943-manjsa.jpg\",\"width\":2400,\"height\":1607},{\"@type\":\"BreadcrumbList\",\"@id\":\"https:\\\/\\\/museum-mb.si\\\/dogodki\\\/grajski-muc-tigi-na-art-kampu-2023\\\/#breadcrumb\",\"itemListElement\":[{\"@type\":\"ListItem\",\"position\":1,\"name\":\"Domov\",\"item\":\"https:\\\/\\\/museum-mb.si\\\/\"},{\"@type\":\"ListItem\",\"position\":2,\"name\":\"Dogodki\",\"item\":\"https:\\\/\\\/museum-mb.si\\\/dogodki\\\/\"},{\"@type\":\"ListItem\",\"position\":3,\"name\":\"GRAJSKI MUC TIGI NA ART KAMPU 2023\"}]},{\"@type\":\"WebSite\",\"@id\":\"https:\\\/\\\/museum-mb.si\\\/#website\",\"url\":\"https:\\\/\\\/museum-mb.si\\\/\",\"name\":\"Pokrajinski muzej Maribor\",\"description\":\"\",\"publisher\":{\"@id\":\"https:\\\/\\\/museum-mb.si\\\/#organization\"},\"potentialAction\":[{\"@type\":\"SearchAction\",\"target\":{\"@type\":\"EntryPoint\",\"urlTemplate\":\"https:\\\/\\\/museum-mb.si\\\/?s={search_term_string}\"},\"query-input\":{\"@type\":\"PropertyValueSpecification\",\"valueRequired\":true,\"valueName\":\"search_term_string\"}}],\"inLanguage\":\"de\"},{\"@type\":\"Organization\",\"@id\":\"https:\\\/\\\/museum-mb.si\\\/#organization\",\"name\":\"Pokrajinski muzej Maribor\",\"url\":\"https:\\\/\\\/museum-mb.si\\\/\",\"logo\":{\"@type\":\"ImageObject\",\"inLanguage\":\"de\",\"@id\":\"https:\\\/\\\/museum-mb.si\\\/#\\\/schema\\\/logo\\\/image\\\/\",\"url\":\"https:\\\/\\\/museum-mb.si\\\/wp-content\\\/uploads\\\/2024\\\/12\\\/pmm_logo_barvni_jpeg.jpg\",\"contentUrl\":\"https:\\\/\\\/museum-mb.si\\\/wp-content\\\/uploads\\\/2024\\\/12\\\/pmm_logo_barvni_jpeg.jpg\",\"width\":758,\"height\":754,\"caption\":\"Pokrajinski muzej Maribor\"},\"image\":{\"@id\":\"https:\\\/\\\/museum-mb.si\\\/#\\\/schema\\\/logo\\\/image\\\/\"},\"sameAs\":[\"https:\\\/\\\/www.facebook.com\\\/pomum123\",\"https:\\\/\\\/www.instagram.com\\\/maribor_museum\\\/\",\"https:\\\/\\\/www.youtube.com\\\/channel\\\/UCdshtCrun841Oc-35tYLBGQ\"]}]}<\/script>\n<!-- \/ Yoast SEO plugin. -->","yoast_head_json":{"title":"GRAJSKI MUC TIGI NA ART KAMPU 2023 &#8211; Pokrajinski muzej Maribor","robots":{"index":"index","follow":"follow","max-snippet":"max-snippet:-1","max-image-preview":"max-image-preview:large","max-video-preview":"max-video-preview:-1"},"canonical":"https:\/\/museum-mb.si\/de\/veranstaltungen\/grajski-muc-tigi-na-art-kampu-2023\/","og_locale":"de_DE","og_type":"article","og_title":"GRAJSKI MUC TIGI NA ART KAMPU 2023 &#8211; Pokrajinski muzej Maribor","og_description":"Pokrajinski muzej Maribor bo letos na Art Kampu 2023, v okviru Festivala Lent, predstavil muzejnico Grajski muc Tigi. Muzejnica bo prilagojena ambientu v parku in se bo vsebinsko in izvedbeno razlikovala od programa v muzeju. Delila se bo na lutkovno igro, kjer otrokom Tigi predstavi izbrane predmete (\u0161\u010dit, pe\u010datnik, klju\u010d mestnih vrat, stari nakit itd.) [&hellip;]","og_url":"https:\/\/museum-mb.si\/de\/veranstaltungen\/grajski-muc-tigi-na-art-kampu-2023\/","og_site_name":"Pokrajinski muzej Maribor","article_publisher":"https:\/\/www.facebook.com\/pomum123","article_modified_time":"2024-11-08T08:53:22+00:00","og_image":[{"width":2400,"height":1607,"url":"https:\/\/museum-mb.si\/wp-content\/uploads\/2023\/06\/DSC02943-manjsa.jpg","type":"image\/jpeg"}],"twitter_card":"summary_large_image","schema":{"@context":"https:\/\/schema.org","@graph":[{"@type":"WebPage","@id":"https:\/\/museum-mb.si\/dogodki\/grajski-muc-tigi-na-art-kampu-2023\/","url":"https:\/\/museum-mb.si\/dogodki\/grajski-muc-tigi-na-art-kampu-2023\/","name":"GRAJSKI MUC TIGI NA ART KAMPU 2023 &#8211; Pokrajinski muzej Maribor","isPartOf":{"@id":"https:\/\/museum-mb.si\/#website"},"primaryImageOfPage":{"@id":"https:\/\/museum-mb.si\/dogodki\/grajski-muc-tigi-na-art-kampu-2023\/#primaryimage"},"image":{"@id":"https:\/\/museum-mb.si\/dogodki\/grajski-muc-tigi-na-art-kampu-2023\/#primaryimage"},"thumbnailUrl":"https:\/\/museum-mb.si\/wp-content\/uploads\/2023\/06\/DSC02943-manjsa.jpg","datePublished":"2023-06-16T10:47:55+00:00","dateModified":"2024-11-08T08:53:22+00:00","breadcrumb":{"@id":"https:\/\/museum-mb.si\/dogodki\/grajski-muc-tigi-na-art-kampu-2023\/#breadcrumb"},"inLanguage":"de","potentialAction":[{"@type":"ReadAction","target":["https:\/\/museum-mb.si\/dogodki\/grajski-muc-tigi-na-art-kampu-2023\/"]}]},{"@type":"ImageObject","inLanguage":"de","@id":"https:\/\/museum-mb.si\/dogodki\/grajski-muc-tigi-na-art-kampu-2023\/#primaryimage","url":"https:\/\/museum-mb.si\/wp-content\/uploads\/2023\/06\/DSC02943-manjsa.jpg","contentUrl":"https:\/\/museum-mb.si\/wp-content\/uploads\/2023\/06\/DSC02943-manjsa.jpg","width":2400,"height":1607},{"@type":"BreadcrumbList","@id":"https:\/\/museum-mb.si\/dogodki\/grajski-muc-tigi-na-art-kampu-2023\/#breadcrumb","itemListElement":[{"@type":"ListItem","position":1,"name":"Domov","item":"https:\/\/museum-mb.si\/"},{"@type":"ListItem","position":2,"name":"Dogodki","item":"https:\/\/museum-mb.si\/dogodki\/"},{"@type":"ListItem","position":3,"name":"GRAJSKI MUC TIGI NA ART KAMPU 2023"}]},{"@type":"WebSite","@id":"https:\/\/museum-mb.si\/#website","url":"https:\/\/museum-mb.si\/","name":"Regionalmuseum Maribor","description":"","publisher":{"@id":"https:\/\/museum-mb.si\/#organization"},"potentialAction":[{"@type":"SearchAction","target":{"@type":"EntryPoint","urlTemplate":"https:\/\/museum-mb.si\/?s={search_term_string}"},"query-input":{"@type":"PropertyValueSpecification","valueRequired":true,"valueName":"search_term_string"}}],"inLanguage":"de"},{"@type":"Organization","@id":"https:\/\/museum-mb.si\/#organization","name":"Regionalmuseum Maribor","url":"https:\/\/museum-mb.si\/","logo":{"@type":"ImageObject","inLanguage":"de","@id":"https:\/\/museum-mb.si\/#\/schema\/logo\/image\/","url":"https:\/\/museum-mb.si\/wp-content\/uploads\/2024\/12\/pmm_logo_barvni_jpeg.jpg","contentUrl":"https:\/\/museum-mb.si\/wp-content\/uploads\/2024\/12\/pmm_logo_barvni_jpeg.jpg","width":758,"height":754,"caption":"Pokrajinski muzej Maribor"},"image":{"@id":"https:\/\/museum-mb.si\/#\/schema\/logo\/image\/"},"sameAs":["https:\/\/www.facebook.com\/pomum123","https:\/\/www.instagram.com\/maribor_museum\/","https:\/\/www.youtube.com\/channel\/UCdshtCrun841Oc-35tYLBGQ"]}]}},"_links":{"self":[{"href":"https:\/\/museum-mb.si\/de\/wp-json\/wp\/v2\/dogodki\/75738","targetHints":{"allow":["GET"]}}],"collection":[{"href":"https:\/\/museum-mb.si\/de\/wp-json\/wp\/v2\/dogodki"}],"about":[{"href":"https:\/\/museum-mb.si\/de\/wp-json\/wp\/v2\/types\/dogodki"}],"version-history":[{"count":1,"href":"https:\/\/museum-mb.si\/de\/wp-json\/wp\/v2\/dogodki\/75738\/revisions"}],"predecessor-version":[{"id":78183,"href":"https:\/\/museum-mb.si\/de\/wp-json\/wp\/v2\/dogodki\/75738\/revisions\/78183"}],"wp:featuredmedia":[{"embeddable":true,"href":"https:\/\/museum-mb.si\/de\/wp-json\/wp\/v2\/media\/75739"}],"wp:attachment":[{"href":"https:\/\/museum-mb.si\/de\/wp-json\/wp\/v2\/media?parent=75738"}],"wp:term":[{"taxonomy":"vrsta-dogodka","embeddable":true,"href":"https:\/\/museum-mb.si\/de\/wp-json\/wp\/v2\/vrsta-dogodka?post=75738"}],"curies":[{"name":"wp","href":"https:\/\/api.w.org\/{rel}","templated":true}]}}

TIGI DAS SCHLOSSKÄTZCHEN IM KUNSTCAMP 2023

<p>Das Regionalmuseum Maribor präsentiert das Schlosskätzchen Tigi auf dem diesjährigen Art Camp 2023 im Rahmen des Fastenfestes.</p>
<p>Das Museum wird an die Parkumgebung angepasst und unterscheidet sich in Inhalt und Durchführung vom Museumsprogramm. Es gliedert sich in ein Puppenspiel, bei dem den Kindern ausgewählte Objekte (Schild, Siegel, Schlüssel zum Stadttor, alter Schmuck usw.) vorgestellt werden, und einen Workshop, bei dem sie Siegel herstellen und erfahren, welche Teile des mittelalterlichen Maribor heute noch erhalten sind.</p>
<p>Sie sind herzlich eingeladen, sich uns anzuschließen:</p>
<ul>
<li>26/06/2023 vormittags und nachmittags</li>
<li>27. Juni 2023 vormittags und nachmittags</li>
<li>28. Juni 2023 am Vormittag;</li>
</ul>
<p>&nbsp;</p>
<p>&nbsp;</p>
<p>&nbsp;</p>
<p>&nbsp;</p>
<p>&nbsp;</p>
<p>&nbsp;</p>

<!-- This site is optimized with the Yoast SEO plugin v27.5 - https://yoast.com/product/yoast-seo-wordpress/ -->
<title>GRAJSKI MUC TIGI NA ART KAMPU 2023 &#8211; Pokrajinski muzej Maribor</title>
<meta name="robots" content="index, follow, max-snippet:-1, max-image-preview:large, max-video-preview:-1" />
<link rel="canonical" href="https://museum-mb.si/de/veranstaltungen/grajski-muc-tigi-na-art-kampu-2023/" />
<meta property="og:locale" content="de_DE" />
<meta property="og:type" content="article" />
<meta property="og:title" content="GRAJSKI MUC TIGI NA ART KAMPU 2023 &#8211; Pokrajinski muzej Maribor" />
<meta property="og:description" content="Pokrajinski muzej Maribor bo letos na Art Kampu 2023, v okviru Festivala Lent, predstavil muzejnico Grajski muc Tigi. Muzejnica bo prilagojena ambientu v parku in se bo vsebinsko in izvedbeno razlikovala od programa v muzeju. Delila se bo na lutkovno igro, kjer otrokom Tigi predstavi izbrane predmete (ščit, pečatnik, ključ mestnih vrat, stari nakit itd.) [&hellip;]" />
<meta property="og:url" content="https://museum-mb.si/de/veranstaltungen/grajski-muc-tigi-na-art-kampu-2023/" />
<meta property="og:site_name" content="Pokrajinski muzej Maribor" />
<meta property="article:publisher" content="https://www.facebook.com/pomum123" />
<meta property="article:modified_time" content="2024-11-08T08:53:22+00:00" />
<meta property="og:image" content="https://museum-mb.si/wp-content/uploads/2023/06/DSC02943-manjsa.jpg" />
	<meta property="og:image:width" content="2400" />
	<meta property="og:image:height" content="1607" />
	<meta property="og:image:type" content="image/jpeg" />
<meta name="twitter:card" content="summary_large_image" />
<script type="application/ld+json" class="yoast-schema-graph">{"@context":"https:\/\/schema.org","@graph":[{"@type":"WebPage","@id":"https:\/\/museum-mb.si\/dogodki\/grajski-muc-tigi-na-art-kampu-2023\/","url":"https:\/\/museum-mb.si\/dogodki\/grajski-muc-tigi-na-art-kampu-2023\/","name":"GRAJSKI MUC TIGI NA ART KAMPU 2023 &#8211; Pokrajinski muzej Maribor","isPartOf":{"@id":"https:\/\/museum-mb.si\/#website"},"primaryImageOfPage":{"@id":"https:\/\/museum-mb.si\/dogodki\/grajski-muc-tigi-na-art-kampu-2023\/#primaryimage"},"image":{"@id":"https:\/\/museum-mb.si\/dogodki\/grajski-muc-tigi-na-art-kampu-2023\/#primaryimage"},"thumbnailUrl":"https:\/\/museum-mb.si\/wp-content\/uploads\/2023\/06\/DSC02943-manjsa.jpg","datePublished":"2023-06-16T10:47:55+00:00","dateModified":"2024-11-08T08:53:22+00:00","breadcrumb":{"@id":"https:\/\/museum-mb.si\/dogodki\/grajski-muc-tigi-na-art-kampu-2023\/#breadcrumb"},"inLanguage":"de","potentialAction":[{"@type":"ReadAction","target":["https:\/\/museum-mb.si\/dogodki\/grajski-muc-tigi-na-art-kampu-2023\/"]}]},{"@type":"ImageObject","inLanguage":"de","@id":"https:\/\/museum-mb.si\/dogodki\/grajski-muc-tigi-na-art-kampu-2023\/#primaryimage","url":"https:\/\/museum-mb.si\/wp-content\/uploads\/2023\/06\/DSC02943-manjsa.jpg","contentUrl":"https:\/\/museum-mb.si\/wp-content\/uploads\/2023\/06\/DSC02943-manjsa.jpg","width":2400,"height":1607},{"@type":"BreadcrumbList","@id":"https:\/\/museum-mb.si\/dogodki\/grajski-muc-tigi-na-art-kampu-2023\/#breadcrumb","itemListElement":[{"@type":"ListItem","position":1,"name":"Domov","item":"https:\/\/museum-mb.si\/"},{"@type":"ListItem","position":2,"name":"Dogodki","item":"https:\/\/museum-mb.si\/dogodki\/"},{"@type":"ListItem","position":3,"name":"GRAJSKI MUC TIGI NA ART KAMPU 2023"}]},{"@type":"WebSite","@id":"https:\/\/museum-mb.si\/#website","url":"https:\/\/museum-mb.si\/","name":"Pokrajinski muzej Maribor","description":"","publisher":{"@id":"https:\/\/museum-mb.si\/#organization"},"potentialAction":[{"@type":"SearchAction","target":{"@type":"EntryPoint","urlTemplate":"https:\/\/museum-mb.si\/?s={search_term_string}"},"query-input":{"@type":"PropertyValueSpecification","valueRequired":true,"valueName":"search_term_string"}}],"inLanguage":"de"},{"@type":"Organization","@id":"https:\/\/museum-mb.si\/#organization","name":"Pokrajinski muzej Maribor","url":"https:\/\/museum-mb.si\/","logo":{"@type":"ImageObject","inLanguage":"de","@id":"https:\/\/museum-mb.si\/#\/schema\/logo\/image\/","url":"https:\/\/museum-mb.si\/wp-content\/uploads\/2024\/12\/pmm_logo_barvni_jpeg.jpg","contentUrl":"https:\/\/museum-mb.si\/wp-content\/uploads\/2024\/12\/pmm_logo_barvni_jpeg.jpg","width":758,"height":754,"caption":"Pokrajinski muzej Maribor"},"image":{"@id":"https:\/\/museum-mb.si\/#\/schema\/logo\/image\/"},"sameAs":["https:\/\/www.facebook.com\/pomum123","https:\/\/www.instagram.com\/maribor_museum\/","https:\/\/www.youtube.com\/channel\/UCdshtCrun841Oc-35tYLBGQ"]}]}</script>
<!-- / Yoast SEO plugin. -->

Pokrajinski muzej Maribor bo letos na Art Kampu 2023, v okviru Festivala Lent, predstavil muzejnico Grajski muc Tigi. Muzejnica bo prilagojena ambientu v parku in se bo vsebinsko in izvedbeno razlikovala od programa v muzeju. Delila se bo na lutkovno igro, kjer otrokom Tigi predstavi izbrane predmete (ščit, pečatnik, ključ mestnih vrat, stari nakit itd.) [&hellip;]
