{"id":73318,"date":"2022-09-18T20:39:46","date_gmt":"2022-09-18T20:39:46","guid":{"rendered":"https:\/\/nova.museum-mb.si\/?post_type=dogodki&#038;p=73318"},"modified":"2024-11-07T10:48:48","modified_gmt":"2024-11-07T09:48:48","slug":"debatte-o-kuhini-2","status":"publish","type":"dogodki","link":"https:\/\/museum-mb.si\/de\/veranstaltungen\/debatte-o-kuhini-2\/","title":{"rendered":"Debatte \u00fcber die K\u00fcche"},"content":{"rendered":"<p><strong><a href=\"https:\/\/www.youtube.com\/watch?v=3pqSyGCoYqY\">VIDEO - LIEBE GEHT DURCH DIE K\u00dcCHE<\/a><\/strong><\/p>\n<p>Die ausgestellten K\u00fcchenm\u00f6bel, Utensilien und das Geschirr stammen aus dem Regionalmuseum Maribor. Die \u00e4ltesten Ausstellungsst\u00fccke sind Wandt\u00fcren aus dem fr\u00fchen 17. Jahrhundert, w\u00e4hrend das j\u00fcngste St\u00fcck die K\u00fcche von Marles Maksima aus dem Jahr 1970 ist, die 2016 noch in Gebrauch war. Die Ausstellung ist in neun thematische Abschnitte unterteilt, mit denen eine Auswahl von Lebensmitteln verbunden ist. Die Zeitzeugen - Dr. Svetlana Slap\u0161ak, Darinka Gosten\u010dnik, Ivan Gabrovec, \u0160tefka Ku\u010dan, Irena Kajn\u010d und Uro\u0161 Mencinger - runden jeden thematischen Abschnitt mit ihrer pers\u00f6nlichen Geschichte ab.<\/p>\n<p>Der Titel der Ausstellung ist eine Interpretation der Namensgebung f\u00fcr eine politische Debatte auf h\u00f6chster Ebene, die sich an einem Thema entz\u00fcndete, das f\u00fcr die Politik so obskur ist wie K\u00fcchenger\u00e4te. In einer Zeit der Krise, in der die Welt von einem neuen Krieg bedroht war, zeigte das Aufeinanderprallen zweier Paradigmen auch den Unterschied zwischen Ost und West in der Wahrnehmung der sozialen Rollen der beiden Geschlechter. W\u00e4hrend Jungen im Laufe der Geschichte f\u00fcr den \u00f6ffentlichen Dienst erzogen wurden, wurden M\u00e4dchen zu Hausfrauen erzogen. M\u00e4dchen bekamen auch K\u00fcchen f\u00fcr M\u00e4dchen, wie diejenige, die Helga Geiselbrecht im Namen des N\u00fcrnberger Spielzeugmuseums dem Regionalmuseum Maribor schenkte.<\/p>\n<p>Die Ausstellung ist im Ausstellungszentrum Kino Partizan, im Schloss und im Schlosscaf\u00e9 zu sehen.<\/p>","protected":false},"featured_media":73716,"template":"","vrsta-dogodka":[28],"class_list":["post-73318","dogodki","type-dogodki","status-publish","has-post-thumbnail","hentry","vrsta-dogodka-obcasne-razstave"],"yoast_head":"<!-- This site is optimized with the Yoast SEO plugin v27.5 - https:\/\/yoast.com\/product\/yoast-seo-wordpress\/ -->\n<title>Debata o kuhinji &#8211; Pokrajinski muzej Maribor<\/title>\n<meta name=\"robots\" content=\"index, follow, max-snippet:-1, max-image-preview:large, max-video-preview:-1\" \/>\n<link rel=\"canonical\" href=\"https:\/\/museum-mb.si\/de\/veranstaltungen\/debatte-o-kuhini-2\/\" \/>\n<meta property=\"og:locale\" content=\"de_DE\" \/>\n<meta property=\"og:type\" content=\"article\" \/>\n<meta property=\"og:title\" content=\"Debata o kuhinji &#8211; Pokrajinski muzej Maribor\" \/>\n<meta property=\"og:description\" content=\"VIDEO &#8211; LJUBEZEN GRE SKOZI KUHINJO Razstavljeno kuhinjsko pohi\u0161tvo, pripomo\u010dki in posodje so iz Pokrajinskega muzeja Maribor. Najstarej\u0161i razstavljeni predmeti so stenska vratca iz za\u010detka 17. stoletja, najmlaj\u0161a pa je Marlesova kuhinja Maksima iz leta 1970, ki so jo uporabljali \u0161e leta 2016. Razstava je razdeljena v devet vsebinskih sklopov, na katere se ve\u017ee izbor [&hellip;]\" \/>\n<meta property=\"og:url\" content=\"https:\/\/museum-mb.si\/de\/veranstaltungen\/debatte-o-kuhini-2\/\" \/>\n<meta property=\"og:site_name\" content=\"Pokrajinski muzej Maribor\" \/>\n<meta property=\"article:publisher\" content=\"https:\/\/www.facebook.com\/pomum123\" \/>\n<meta property=\"article:modified_time\" content=\"2024-11-07T09:48:48+00:00\" \/>\n<meta property=\"og:image\" content=\"https:\/\/museum-mb.si\/wp-content\/uploads\/2022\/09\/02_OBASNE-RAZSTAVE_img02.jpg\" \/>\n\t<meta property=\"og:image:width\" content=\"773\" \/>\n\t<meta property=\"og:image:height\" content=\"386\" \/>\n\t<meta property=\"og:image:type\" content=\"image\/jpeg\" \/>\n<meta name=\"twitter:card\" content=\"summary_large_image\" \/>\n<meta name=\"twitter:label1\" content=\"Gesch\u00e4tzte Lesezeit\" \/>\n\t<meta name=\"twitter:data1\" content=\"1\u00a0Minute\" \/>\n<script type=\"application\/ld+json\" class=\"yoast-schema-graph\">{\"@context\":\"https:\\\/\\\/schema.org\",\"@graph\":[{\"@type\":\"WebPage\",\"@id\":\"https:\\\/\\\/museum-mb.si\\\/dogodki\\\/debata-o-kuhinji\\\/\",\"url\":\"https:\\\/\\\/museum-mb.si\\\/dogodki\\\/debata-o-kuhinji\\\/\",\"name\":\"Debata o kuhinji &#8211; Pokrajinski muzej Maribor\",\"isPartOf\":{\"@id\":\"https:\\\/\\\/museum-mb.si\\\/#website\"},\"primaryImageOfPage\":{\"@id\":\"https:\\\/\\\/museum-mb.si\\\/dogodki\\\/debata-o-kuhinji\\\/#primaryimage\"},\"image\":{\"@id\":\"https:\\\/\\\/museum-mb.si\\\/dogodki\\\/debata-o-kuhinji\\\/#primaryimage\"},\"thumbnailUrl\":\"https:\\\/\\\/museum-mb.si\\\/wp-content\\\/uploads\\\/2022\\\/09\\\/02_OBASNE-RAZSTAVE_img02.jpg\",\"datePublished\":\"2022-09-18T20:39:46+00:00\",\"dateModified\":\"2024-11-07T09:48:48+00:00\",\"breadcrumb\":{\"@id\":\"https:\\\/\\\/museum-mb.si\\\/dogodki\\\/debata-o-kuhinji\\\/#breadcrumb\"},\"inLanguage\":\"de\",\"potentialAction\":[{\"@type\":\"ReadAction\",\"target\":[\"https:\\\/\\\/museum-mb.si\\\/dogodki\\\/debata-o-kuhinji\\\/\"]}]},{\"@type\":\"ImageObject\",\"inLanguage\":\"de\",\"@id\":\"https:\\\/\\\/museum-mb.si\\\/dogodki\\\/debata-o-kuhinji\\\/#primaryimage\",\"url\":\"https:\\\/\\\/museum-mb.si\\\/wp-content\\\/uploads\\\/2022\\\/09\\\/02_OBASNE-RAZSTAVE_img02.jpg\",\"contentUrl\":\"https:\\\/\\\/museum-mb.si\\\/wp-content\\\/uploads\\\/2022\\\/09\\\/02_OBASNE-RAZSTAVE_img02.jpg\",\"width\":773,\"height\":386},{\"@type\":\"BreadcrumbList\",\"@id\":\"https:\\\/\\\/museum-mb.si\\\/dogodki\\\/debata-o-kuhinji\\\/#breadcrumb\",\"itemListElement\":[{\"@type\":\"ListItem\",\"position\":1,\"name\":\"Domov\",\"item\":\"https:\\\/\\\/museum-mb.si\\\/\"},{\"@type\":\"ListItem\",\"position\":2,\"name\":\"Dogodki\",\"item\":\"https:\\\/\\\/museum-mb.si\\\/dogodki\\\/\"},{\"@type\":\"ListItem\",\"position\":3,\"name\":\"Debata o kuhinji\"}]},{\"@type\":\"WebSite\",\"@id\":\"https:\\\/\\\/museum-mb.si\\\/#website\",\"url\":\"https:\\\/\\\/museum-mb.si\\\/\",\"name\":\"Pokrajinski muzej Maribor\",\"description\":\"\",\"publisher\":{\"@id\":\"https:\\\/\\\/museum-mb.si\\\/#organization\"},\"potentialAction\":[{\"@type\":\"SearchAction\",\"target\":{\"@type\":\"EntryPoint\",\"urlTemplate\":\"https:\\\/\\\/museum-mb.si\\\/?s={search_term_string}\"},\"query-input\":{\"@type\":\"PropertyValueSpecification\",\"valueRequired\":true,\"valueName\":\"search_term_string\"}}],\"inLanguage\":\"de\"},{\"@type\":\"Organization\",\"@id\":\"https:\\\/\\\/museum-mb.si\\\/#organization\",\"name\":\"Pokrajinski muzej Maribor\",\"url\":\"https:\\\/\\\/museum-mb.si\\\/\",\"logo\":{\"@type\":\"ImageObject\",\"inLanguage\":\"de\",\"@id\":\"https:\\\/\\\/museum-mb.si\\\/#\\\/schema\\\/logo\\\/image\\\/\",\"url\":\"https:\\\/\\\/museum-mb.si\\\/wp-content\\\/uploads\\\/2024\\\/12\\\/pmm_logo_barvni_jpeg.jpg\",\"contentUrl\":\"https:\\\/\\\/museum-mb.si\\\/wp-content\\\/uploads\\\/2024\\\/12\\\/pmm_logo_barvni_jpeg.jpg\",\"width\":758,\"height\":754,\"caption\":\"Pokrajinski muzej Maribor\"},\"image\":{\"@id\":\"https:\\\/\\\/museum-mb.si\\\/#\\\/schema\\\/logo\\\/image\\\/\"},\"sameAs\":[\"https:\\\/\\\/www.facebook.com\\\/pomum123\",\"https:\\\/\\\/www.instagram.com\\\/maribor_museum\\\/\",\"https:\\\/\\\/www.youtube.com\\\/channel\\\/UCdshtCrun841Oc-35tYLBGQ\"]}]}<\/script>\n<!-- \/ Yoast SEO plugin. -->","yoast_head_json":{"title":"Debatte \u00fcber die K\u00fcche - Regionalmuseum Maribor","robots":{"index":"index","follow":"follow","max-snippet":"max-snippet:-1","max-image-preview":"max-image-preview:large","max-video-preview":"max-video-preview:-1"},"canonical":"https:\/\/museum-mb.si\/de\/veranstaltungen\/debatte-o-kuhini-2\/","og_locale":"de_DE","og_type":"article","og_title":"Debata o kuhinji &#8211; Pokrajinski muzej Maribor","og_description":"VIDEO &#8211; LJUBEZEN GRE SKOZI KUHINJO Razstavljeno kuhinjsko pohi\u0161tvo, pripomo\u010dki in posodje so iz Pokrajinskega muzeja Maribor. Najstarej\u0161i razstavljeni predmeti so stenska vratca iz za\u010detka 17. stoletja, najmlaj\u0161a pa je Marlesova kuhinja Maksima iz leta 1970, ki so jo uporabljali \u0161e leta 2016. Razstava je razdeljena v devet vsebinskih sklopov, na katere se ve\u017ee izbor [&hellip;]","og_url":"https:\/\/museum-mb.si\/de\/veranstaltungen\/debatte-o-kuhini-2\/","og_site_name":"Pokrajinski muzej Maribor","article_publisher":"https:\/\/www.facebook.com\/pomum123","article_modified_time":"2024-11-07T09:48:48+00:00","og_image":[{"width":773,"height":386,"url":"https:\/\/museum-mb.si\/wp-content\/uploads\/2022\/09\/02_OBASNE-RAZSTAVE_img02.jpg","type":"image\/jpeg"}],"twitter_card":"summary_large_image","twitter_misc":{"Gesch\u00e4tzte Lesezeit":"1\u00a0Minute"},"schema":{"@context":"https:\/\/schema.org","@graph":[{"@type":"WebPage","@id":"https:\/\/museum-mb.si\/dogodki\/debata-o-kuhinji\/","url":"https:\/\/museum-mb.si\/dogodki\/debata-o-kuhinji\/","name":"Debatte \u00fcber die K\u00fcche - Regionalmuseum Maribor","isPartOf":{"@id":"https:\/\/museum-mb.si\/#website"},"primaryImageOfPage":{"@id":"https:\/\/museum-mb.si\/dogodki\/debata-o-kuhinji\/#primaryimage"},"image":{"@id":"https:\/\/museum-mb.si\/dogodki\/debata-o-kuhinji\/#primaryimage"},"thumbnailUrl":"https:\/\/museum-mb.si\/wp-content\/uploads\/2022\/09\/02_OBASNE-RAZSTAVE_img02.jpg","datePublished":"2022-09-18T20:39:46+00:00","dateModified":"2024-11-07T09:48:48+00:00","breadcrumb":{"@id":"https:\/\/museum-mb.si\/dogodki\/debata-o-kuhinji\/#breadcrumb"},"inLanguage":"de","potentialAction":[{"@type":"ReadAction","target":["https:\/\/museum-mb.si\/dogodki\/debata-o-kuhinji\/"]}]},{"@type":"ImageObject","inLanguage":"de","@id":"https:\/\/museum-mb.si\/dogodki\/debata-o-kuhinji\/#primaryimage","url":"https:\/\/museum-mb.si\/wp-content\/uploads\/2022\/09\/02_OBASNE-RAZSTAVE_img02.jpg","contentUrl":"https:\/\/museum-mb.si\/wp-content\/uploads\/2022\/09\/02_OBASNE-RAZSTAVE_img02.jpg","width":773,"height":386},{"@type":"BreadcrumbList","@id":"https:\/\/museum-mb.si\/dogodki\/debata-o-kuhinji\/#breadcrumb","itemListElement":[{"@type":"ListItem","position":1,"name":"Domov","item":"https:\/\/museum-mb.si\/"},{"@type":"ListItem","position":2,"name":"Dogodki","item":"https:\/\/museum-mb.si\/dogodki\/"},{"@type":"ListItem","position":3,"name":"Debata o kuhinji"}]},{"@type":"WebSite","@id":"https:\/\/museum-mb.si\/#website","url":"https:\/\/museum-mb.si\/","name":"Regionalmuseum Maribor","description":"","publisher":{"@id":"https:\/\/museum-mb.si\/#organization"},"potentialAction":[{"@type":"SearchAction","target":{"@type":"EntryPoint","urlTemplate":"https:\/\/museum-mb.si\/?s={search_term_string}"},"query-input":{"@type":"PropertyValueSpecification","valueRequired":true,"valueName":"search_term_string"}}],"inLanguage":"de"},{"@type":"Organization","@id":"https:\/\/museum-mb.si\/#organization","name":"Regionalmuseum Maribor","url":"https:\/\/museum-mb.si\/","logo":{"@type":"ImageObject","inLanguage":"de","@id":"https:\/\/museum-mb.si\/#\/schema\/logo\/image\/","url":"https:\/\/museum-mb.si\/wp-content\/uploads\/2024\/12\/pmm_logo_barvni_jpeg.jpg","contentUrl":"https:\/\/museum-mb.si\/wp-content\/uploads\/2024\/12\/pmm_logo_barvni_jpeg.jpg","width":758,"height":754,"caption":"Pokrajinski muzej Maribor"},"image":{"@id":"https:\/\/museum-mb.si\/#\/schema\/logo\/image\/"},"sameAs":["https:\/\/www.facebook.com\/pomum123","https:\/\/www.instagram.com\/maribor_museum\/","https:\/\/www.youtube.com\/channel\/UCdshtCrun841Oc-35tYLBGQ"]}]}},"_links":{"self":[{"href":"https:\/\/museum-mb.si\/de\/wp-json\/wp\/v2\/dogodki\/73318","targetHints":{"allow":["GET"]}}],"collection":[{"href":"https:\/\/museum-mb.si\/de\/wp-json\/wp\/v2\/dogodki"}],"about":[{"href":"https:\/\/museum-mb.si\/de\/wp-json\/wp\/v2\/types\/dogodki"}],"version-history":[{"count":2,"href":"https:\/\/museum-mb.si\/de\/wp-json\/wp\/v2\/dogodki\/73318\/revisions"}],"predecessor-version":[{"id":78140,"href":"https:\/\/museum-mb.si\/de\/wp-json\/wp\/v2\/dogodki\/73318\/revisions\/78140"}],"wp:featuredmedia":[{"embeddable":true,"href":"https:\/\/museum-mb.si\/de\/wp-json\/wp\/v2\/media\/73716"}],"wp:attachment":[{"href":"https:\/\/museum-mb.si\/de\/wp-json\/wp\/v2\/media?parent=73318"}],"wp:term":[{"taxonomy":"vrsta-dogodka","embeddable":true,"href":"https:\/\/museum-mb.si\/de\/wp-json\/wp\/v2\/vrsta-dogodka?post=73318"}],"curies":[{"name":"wp","href":"https:\/\/api.w.org\/{rel}","templated":true}]}}

Debatte über die Küche

<p><strong><a href="https://www.youtube.com/watch?v=3pqSyGCoYqY">VIDEO - LIEBE GEHT DURCH DIE KÜCHE</a></strong></p>
<p>Die ausgestellten Küchenmöbel, Utensilien und das Geschirr stammen aus dem Regionalmuseum Maribor. Die ältesten Ausstellungsstücke sind Wandtüren aus dem frühen 17. Jahrhundert, während das jüngste Stück die Küche von Marles Maksima aus dem Jahr 1970 ist, die 2016 noch in Gebrauch war. Die Ausstellung ist in neun thematische Abschnitte unterteilt, mit denen eine Auswahl von Lebensmitteln verbunden ist. Die Zeitzeugen - Dr. Svetlana Slapšak, Darinka Gostenčnik, Ivan Gabrovec, Štefka Kučan, Irena Kajnč und Uroš Mencinger - runden jeden thematischen Abschnitt mit ihrer persönlichen Geschichte ab.</p>
<p>Der Titel der Ausstellung ist eine Interpretation der Namensgebung für eine politische Debatte auf höchster Ebene, die sich an einem Thema entzündete, das für die Politik so obskur ist wie Küchengeräte. In einer Zeit der Krise, in der die Welt von einem neuen Krieg bedroht war, zeigte das Aufeinanderprallen zweier Paradigmen auch den Unterschied zwischen Ost und West in der Wahrnehmung der sozialen Rollen der beiden Geschlechter. Während Jungen im Laufe der Geschichte für den öffentlichen Dienst erzogen wurden, wurden Mädchen zu Hausfrauen erzogen. Mädchen bekamen auch Küchen für Mädchen, wie diejenige, die Helga Geiselbrecht im Namen des Nürnberger Spielzeugmuseums dem Regionalmuseum Maribor schenkte.</p>
<p>Die Ausstellung ist im Ausstellungszentrum Kino Partizan, im Schloss und im Schlosscafé zu sehen.</p>

<!-- This site is optimized with the Yoast SEO plugin v27.5 - https://yoast.com/product/yoast-seo-wordpress/ -->
<title>Debata o kuhinji &#8211; Pokrajinski muzej Maribor</title>
<meta name="robots" content="index, follow, max-snippet:-1, max-image-preview:large, max-video-preview:-1" />
<link rel="canonical" href="https://museum-mb.si/de/veranstaltungen/debatte-o-kuhini-2/" />
<meta property="og:locale" content="de_DE" />
<meta property="og:type" content="article" />
<meta property="og:title" content="Debata o kuhinji &#8211; Pokrajinski muzej Maribor" />
<meta property="og:description" content="VIDEO &#8211; LJUBEZEN GRE SKOZI KUHINJO Razstavljeno kuhinjsko pohištvo, pripomočki in posodje so iz Pokrajinskega muzeja Maribor. Najstarejši razstavljeni predmeti so stenska vratca iz začetka 17. stoletja, najmlajša pa je Marlesova kuhinja Maksima iz leta 1970, ki so jo uporabljali še leta 2016. Razstava je razdeljena v devet vsebinskih sklopov, na katere se veže izbor [&hellip;]" />
<meta property="og:url" content="https://museum-mb.si/de/veranstaltungen/debatte-o-kuhini-2/" />
<meta property="og:site_name" content="Pokrajinski muzej Maribor" />
<meta property="article:publisher" content="https://www.facebook.com/pomum123" />
<meta property="article:modified_time" content="2024-11-07T09:48:48+00:00" />
<meta property="og:image" content="https://museum-mb.si/wp-content/uploads/2022/09/02_OBASNE-RAZSTAVE_img02.jpg" />
	<meta property="og:image:width" content="773" />
	<meta property="og:image:height" content="386" />
	<meta property="og:image:type" content="image/jpeg" />
<meta name="twitter:card" content="summary_large_image" />
<meta name="twitter:label1" content="Geschätzte Lesezeit" />
	<meta name="twitter:data1" content="1 Minute" />
<script type="application/ld+json" class="yoast-schema-graph">{"@context":"https:\/\/schema.org","@graph":[{"@type":"WebPage","@id":"https:\/\/museum-mb.si\/dogodki\/debata-o-kuhinji\/","url":"https:\/\/museum-mb.si\/dogodki\/debata-o-kuhinji\/","name":"Debata o kuhinji &#8211; Pokrajinski muzej Maribor","isPartOf":{"@id":"https:\/\/museum-mb.si\/#website"},"primaryImageOfPage":{"@id":"https:\/\/museum-mb.si\/dogodki\/debata-o-kuhinji\/#primaryimage"},"image":{"@id":"https:\/\/museum-mb.si\/dogodki\/debata-o-kuhinji\/#primaryimage"},"thumbnailUrl":"https:\/\/museum-mb.si\/wp-content\/uploads\/2022\/09\/02_OBASNE-RAZSTAVE_img02.jpg","datePublished":"2022-09-18T20:39:46+00:00","dateModified":"2024-11-07T09:48:48+00:00","breadcrumb":{"@id":"https:\/\/museum-mb.si\/dogodki\/debata-o-kuhinji\/#breadcrumb"},"inLanguage":"de","potentialAction":[{"@type":"ReadAction","target":["https:\/\/museum-mb.si\/dogodki\/debata-o-kuhinji\/"]}]},{"@type":"ImageObject","inLanguage":"de","@id":"https:\/\/museum-mb.si\/dogodki\/debata-o-kuhinji\/#primaryimage","url":"https:\/\/museum-mb.si\/wp-content\/uploads\/2022\/09\/02_OBASNE-RAZSTAVE_img02.jpg","contentUrl":"https:\/\/museum-mb.si\/wp-content\/uploads\/2022\/09\/02_OBASNE-RAZSTAVE_img02.jpg","width":773,"height":386},{"@type":"BreadcrumbList","@id":"https:\/\/museum-mb.si\/dogodki\/debata-o-kuhinji\/#breadcrumb","itemListElement":[{"@type":"ListItem","position":1,"name":"Domov","item":"https:\/\/museum-mb.si\/"},{"@type":"ListItem","position":2,"name":"Dogodki","item":"https:\/\/museum-mb.si\/dogodki\/"},{"@type":"ListItem","position":3,"name":"Debata o kuhinji"}]},{"@type":"WebSite","@id":"https:\/\/museum-mb.si\/#website","url":"https:\/\/museum-mb.si\/","name":"Pokrajinski muzej Maribor","description":"","publisher":{"@id":"https:\/\/museum-mb.si\/#organization"},"potentialAction":[{"@type":"SearchAction","target":{"@type":"EntryPoint","urlTemplate":"https:\/\/museum-mb.si\/?s={search_term_string}"},"query-input":{"@type":"PropertyValueSpecification","valueRequired":true,"valueName":"search_term_string"}}],"inLanguage":"de"},{"@type":"Organization","@id":"https:\/\/museum-mb.si\/#organization","name":"Pokrajinski muzej Maribor","url":"https:\/\/museum-mb.si\/","logo":{"@type":"ImageObject","inLanguage":"de","@id":"https:\/\/museum-mb.si\/#\/schema\/logo\/image\/","url":"https:\/\/museum-mb.si\/wp-content\/uploads\/2024\/12\/pmm_logo_barvni_jpeg.jpg","contentUrl":"https:\/\/museum-mb.si\/wp-content\/uploads\/2024\/12\/pmm_logo_barvni_jpeg.jpg","width":758,"height":754,"caption":"Pokrajinski muzej Maribor"},"image":{"@id":"https:\/\/museum-mb.si\/#\/schema\/logo\/image\/"},"sameAs":["https:\/\/www.facebook.com\/pomum123","https:\/\/www.instagram.com\/maribor_museum\/","https:\/\/www.youtube.com\/channel\/UCdshtCrun841Oc-35tYLBGQ"]}]}</script>
<!-- / Yoast SEO plugin. -->

Debatte über die Küche - Regionalmuseum Maribor

VIDEO &#8211; LJUBEZEN GRE SKOZI KUHINJO Razstavljeno kuhinjsko pohištvo, pripomočki in posodje so iz Pokrajinskega muzeja Maribor. Najstarejši razstavljeni predmeti so stenska vratca iz začetka 17. stoletja, najmlajša pa je Marlesova kuhinja Maksima iz leta 1970, ki so jo uporabljali še leta 2016. Razstava je razdeljena v devet vsebinskih sklopov, na katere se veže izbor [&hellip;]
