{"id":73274,"date":"2022-09-18T20:22:17","date_gmt":"2022-09-18T20:22:17","guid":{"rendered":"https:\/\/nova.museum-mb.si\/?post_type=dogodki&#038;p=73274"},"modified":"2024-11-07T10:48:34","modified_gmt":"2024-11-07T09:48:34","slug":"glanz-fahigkeiten","status":"publish","type":"dogodki","link":"https:\/\/museum-mb.si\/de\/veranstaltungen\/glanz-fahigkeiten\/","title":{"rendered":"Das Strahlen der Ewigkeit"},"content":{"rendered":"<p>Ausstellung von Schmuckst\u00fccken aus den Sammlungen des Regionalmuseums Maribor und eine Verkaufsausstellung von Schmuckst\u00fccken ausgew\u00e4hlter Designer:<\/p>\n<p>Nata\u0161a Dru\u0161kovi\u010d, Nata\u0161a Grandovec, Jasmina Grandu\u010d, Ana Haberman, Ur\u0161ka Hvalica, Tina Lah, Martina Obid Mlakar, Tja\u0161a Ranta\u0161a, Dalija Sega, Maja \u0160tamol, Ana Vogrin und Ur\u0161a Zrnec.<\/p>\n<p>Sie sind herzlich eingeladen.<\/p>","protected":false},"featured_media":73717,"template":"","vrsta-dogodka":[28],"class_list":["post-73274","dogodki","type-dogodki","status-publish","has-post-thumbnail","hentry","vrsta-dogodka-obcasne-razstave"],"yoast_head":"<!-- This site is optimized with the Yoast SEO plugin v27.5 - https:\/\/yoast.com\/product\/yoast-seo-wordpress\/ -->\n<title>Sijaj ve\u010dnosti &#8211; Pokrajinski muzej Maribor<\/title>\n<meta name=\"robots\" content=\"index, follow, max-snippet:-1, max-image-preview:large, max-video-preview:-1\" \/>\n<link rel=\"canonical\" href=\"https:\/\/museum-mb.si\/de\/veranstaltungen\/glanz-fahigkeiten\/\" \/>\n<meta property=\"og:locale\" content=\"de_DE\" \/>\n<meta property=\"og:type\" content=\"article\" \/>\n<meta property=\"og:title\" content=\"Sijaj ve\u010dnosti &#8211; Pokrajinski muzej Maribor\" \/>\n<meta property=\"og:description\" content=\"Razstava nakita iz zbirk Pokrajinskega muzeja Maribor in\u00a0prodajna razstava nakita izbranih oblikovalk: Nata\u0161e Dru\u0161kovi\u010d, Nata\u0161e Grandovec, Jasmine Grandu\u010d,\u00a0 Ane Haberman, Ur\u0161ke Hvalica, Tine Lah, Martine Obid Mlakar, Tja\u0161e Ranta\u0161a, Dalije Sega, Maje \u0160tamol, Ane Vogrin in Ur\u0161e Zrnec. Prijazno vabljeni.\" \/>\n<meta property=\"og:url\" content=\"https:\/\/museum-mb.si\/de\/veranstaltungen\/glanz-fahigkeiten\/\" \/>\n<meta property=\"og:site_name\" content=\"Pokrajinski muzej Maribor\" \/>\n<meta property=\"article:publisher\" content=\"https:\/\/www.facebook.com\/pomum123\" \/>\n<meta property=\"article:modified_time\" content=\"2024-11-07T09:48:34+00:00\" \/>\n<meta property=\"og:image\" content=\"https:\/\/museum-mb.si\/wp-content\/uploads\/2022\/09\/Sijaj-vecnosti-spletna-stran-scaled.jpg\" \/>\n\t<meta property=\"og:image:width\" content=\"2560\" \/>\n\t<meta property=\"og:image:height\" content=\"1429\" \/>\n\t<meta property=\"og:image:type\" content=\"image\/jpeg\" \/>\n<meta name=\"twitter:card\" content=\"summary_large_image\" \/>\n<script type=\"application\/ld+json\" class=\"yoast-schema-graph\">{\"@context\":\"https:\\\/\\\/schema.org\",\"@graph\":[{\"@type\":\"WebPage\",\"@id\":\"https:\\\/\\\/museum-mb.si\\\/dogodki\\\/sijaj-vecnosti\\\/\",\"url\":\"https:\\\/\\\/museum-mb.si\\\/dogodki\\\/sijaj-vecnosti\\\/\",\"name\":\"Sijaj ve\u010dnosti &#8211; Pokrajinski muzej Maribor\",\"isPartOf\":{\"@id\":\"https:\\\/\\\/museum-mb.si\\\/#website\"},\"primaryImageOfPage\":{\"@id\":\"https:\\\/\\\/museum-mb.si\\\/dogodki\\\/sijaj-vecnosti\\\/#primaryimage\"},\"image\":{\"@id\":\"https:\\\/\\\/museum-mb.si\\\/dogodki\\\/sijaj-vecnosti\\\/#primaryimage\"},\"thumbnailUrl\":\"https:\\\/\\\/museum-mb.si\\\/wp-content\\\/uploads\\\/2022\\\/09\\\/Sijaj-vecnosti-spletna-stran-scaled.jpg\",\"datePublished\":\"2022-09-18T20:22:17+00:00\",\"dateModified\":\"2024-11-07T09:48:34+00:00\",\"breadcrumb\":{\"@id\":\"https:\\\/\\\/museum-mb.si\\\/dogodki\\\/sijaj-vecnosti\\\/#breadcrumb\"},\"inLanguage\":\"de\",\"potentialAction\":[{\"@type\":\"ReadAction\",\"target\":[\"https:\\\/\\\/museum-mb.si\\\/dogodki\\\/sijaj-vecnosti\\\/\"]}]},{\"@type\":\"ImageObject\",\"inLanguage\":\"de\",\"@id\":\"https:\\\/\\\/museum-mb.si\\\/dogodki\\\/sijaj-vecnosti\\\/#primaryimage\",\"url\":\"https:\\\/\\\/museum-mb.si\\\/wp-content\\\/uploads\\\/2022\\\/09\\\/Sijaj-vecnosti-spletna-stran-scaled.jpg\",\"contentUrl\":\"https:\\\/\\\/museum-mb.si\\\/wp-content\\\/uploads\\\/2022\\\/09\\\/Sijaj-vecnosti-spletna-stran-scaled.jpg\",\"width\":2560,\"height\":1429},{\"@type\":\"BreadcrumbList\",\"@id\":\"https:\\\/\\\/museum-mb.si\\\/dogodki\\\/sijaj-vecnosti\\\/#breadcrumb\",\"itemListElement\":[{\"@type\":\"ListItem\",\"position\":1,\"name\":\"Domov\",\"item\":\"https:\\\/\\\/museum-mb.si\\\/\"},{\"@type\":\"ListItem\",\"position\":2,\"name\":\"Dogodki\",\"item\":\"https:\\\/\\\/museum-mb.si\\\/dogodki\\\/\"},{\"@type\":\"ListItem\",\"position\":3,\"name\":\"Sijaj ve\u010dnosti\"}]},{\"@type\":\"WebSite\",\"@id\":\"https:\\\/\\\/museum-mb.si\\\/#website\",\"url\":\"https:\\\/\\\/museum-mb.si\\\/\",\"name\":\"Pokrajinski muzej Maribor\",\"description\":\"\",\"publisher\":{\"@id\":\"https:\\\/\\\/museum-mb.si\\\/#organization\"},\"potentialAction\":[{\"@type\":\"SearchAction\",\"target\":{\"@type\":\"EntryPoint\",\"urlTemplate\":\"https:\\\/\\\/museum-mb.si\\\/?s={search_term_string}\"},\"query-input\":{\"@type\":\"PropertyValueSpecification\",\"valueRequired\":true,\"valueName\":\"search_term_string\"}}],\"inLanguage\":\"de\"},{\"@type\":\"Organization\",\"@id\":\"https:\\\/\\\/museum-mb.si\\\/#organization\",\"name\":\"Pokrajinski muzej Maribor\",\"url\":\"https:\\\/\\\/museum-mb.si\\\/\",\"logo\":{\"@type\":\"ImageObject\",\"inLanguage\":\"de\",\"@id\":\"https:\\\/\\\/museum-mb.si\\\/#\\\/schema\\\/logo\\\/image\\\/\",\"url\":\"https:\\\/\\\/museum-mb.si\\\/wp-content\\\/uploads\\\/2024\\\/12\\\/pmm_logo_barvni_jpeg.jpg\",\"contentUrl\":\"https:\\\/\\\/museum-mb.si\\\/wp-content\\\/uploads\\\/2024\\\/12\\\/pmm_logo_barvni_jpeg.jpg\",\"width\":758,\"height\":754,\"caption\":\"Pokrajinski muzej Maribor\"},\"image\":{\"@id\":\"https:\\\/\\\/museum-mb.si\\\/#\\\/schema\\\/logo\\\/image\\\/\"},\"sameAs\":[\"https:\\\/\\\/www.facebook.com\\\/pomum123\",\"https:\\\/\\\/www.instagram.com\\\/maribor_museum\\\/\",\"https:\\\/\\\/www.youtube.com\\\/channel\\\/UCdshtCrun841Oc-35tYLBGQ\"]}]}<\/script>\n<!-- \/ Yoast SEO plugin. -->","yoast_head_json":{"title":"Das Gl\u00fchen der Ewigkeit - Regionalmuseum Maribor","robots":{"index":"index","follow":"follow","max-snippet":"max-snippet:-1","max-image-preview":"max-image-preview:large","max-video-preview":"max-video-preview:-1"},"canonical":"https:\/\/museum-mb.si\/de\/veranstaltungen\/glanz-fahigkeiten\/","og_locale":"de_DE","og_type":"article","og_title":"Sijaj ve\u010dnosti &#8211; Pokrajinski muzej Maribor","og_description":"Razstava nakita iz zbirk Pokrajinskega muzeja Maribor in\u00a0prodajna razstava nakita izbranih oblikovalk: Nata\u0161e Dru\u0161kovi\u010d, Nata\u0161e Grandovec, Jasmine Grandu\u010d,\u00a0 Ane Haberman, Ur\u0161ke Hvalica, Tine Lah, Martine Obid Mlakar, Tja\u0161e Ranta\u0161a, Dalije Sega, Maje \u0160tamol, Ane Vogrin in Ur\u0161e Zrnec. Prijazno vabljeni.","og_url":"https:\/\/museum-mb.si\/de\/veranstaltungen\/glanz-fahigkeiten\/","og_site_name":"Pokrajinski muzej Maribor","article_publisher":"https:\/\/www.facebook.com\/pomum123","article_modified_time":"2024-11-07T09:48:34+00:00","og_image":[{"width":2560,"height":1429,"url":"https:\/\/museum-mb.si\/wp-content\/uploads\/2022\/09\/Sijaj-vecnosti-spletna-stran-scaled.jpg","type":"image\/jpeg"}],"twitter_card":"summary_large_image","schema":{"@context":"https:\/\/schema.org","@graph":[{"@type":"WebPage","@id":"https:\/\/museum-mb.si\/dogodki\/sijaj-vecnosti\/","url":"https:\/\/museum-mb.si\/dogodki\/sijaj-vecnosti\/","name":"Das Gl\u00fchen der Ewigkeit - Regionalmuseum Maribor","isPartOf":{"@id":"https:\/\/museum-mb.si\/#website"},"primaryImageOfPage":{"@id":"https:\/\/museum-mb.si\/dogodki\/sijaj-vecnosti\/#primaryimage"},"image":{"@id":"https:\/\/museum-mb.si\/dogodki\/sijaj-vecnosti\/#primaryimage"},"thumbnailUrl":"https:\/\/museum-mb.si\/wp-content\/uploads\/2022\/09\/Sijaj-vecnosti-spletna-stran-scaled.jpg","datePublished":"2022-09-18T20:22:17+00:00","dateModified":"2024-11-07T09:48:34+00:00","breadcrumb":{"@id":"https:\/\/museum-mb.si\/dogodki\/sijaj-vecnosti\/#breadcrumb"},"inLanguage":"de","potentialAction":[{"@type":"ReadAction","target":["https:\/\/museum-mb.si\/dogodki\/sijaj-vecnosti\/"]}]},{"@type":"ImageObject","inLanguage":"de","@id":"https:\/\/museum-mb.si\/dogodki\/sijaj-vecnosti\/#primaryimage","url":"https:\/\/museum-mb.si\/wp-content\/uploads\/2022\/09\/Sijaj-vecnosti-spletna-stran-scaled.jpg","contentUrl":"https:\/\/museum-mb.si\/wp-content\/uploads\/2022\/09\/Sijaj-vecnosti-spletna-stran-scaled.jpg","width":2560,"height":1429},{"@type":"BreadcrumbList","@id":"https:\/\/museum-mb.si\/dogodki\/sijaj-vecnosti\/#breadcrumb","itemListElement":[{"@type":"ListItem","position":1,"name":"Domov","item":"https:\/\/museum-mb.si\/"},{"@type":"ListItem","position":2,"name":"Dogodki","item":"https:\/\/museum-mb.si\/dogodki\/"},{"@type":"ListItem","position":3,"name":"Sijaj ve\u010dnosti"}]},{"@type":"WebSite","@id":"https:\/\/museum-mb.si\/#website","url":"https:\/\/museum-mb.si\/","name":"Regionalmuseum Maribor","description":"","publisher":{"@id":"https:\/\/museum-mb.si\/#organization"},"potentialAction":[{"@type":"SearchAction","target":{"@type":"EntryPoint","urlTemplate":"https:\/\/museum-mb.si\/?s={search_term_string}"},"query-input":{"@type":"PropertyValueSpecification","valueRequired":true,"valueName":"search_term_string"}}],"inLanguage":"de"},{"@type":"Organization","@id":"https:\/\/museum-mb.si\/#organization","name":"Regionalmuseum Maribor","url":"https:\/\/museum-mb.si\/","logo":{"@type":"ImageObject","inLanguage":"de","@id":"https:\/\/museum-mb.si\/#\/schema\/logo\/image\/","url":"https:\/\/museum-mb.si\/wp-content\/uploads\/2024\/12\/pmm_logo_barvni_jpeg.jpg","contentUrl":"https:\/\/museum-mb.si\/wp-content\/uploads\/2024\/12\/pmm_logo_barvni_jpeg.jpg","width":758,"height":754,"caption":"Pokrajinski muzej Maribor"},"image":{"@id":"https:\/\/museum-mb.si\/#\/schema\/logo\/image\/"},"sameAs":["https:\/\/www.facebook.com\/pomum123","https:\/\/www.instagram.com\/maribor_museum\/","https:\/\/www.youtube.com\/channel\/UCdshtCrun841Oc-35tYLBGQ"]}]}},"_links":{"self":[{"href":"https:\/\/museum-mb.si\/de\/wp-json\/wp\/v2\/dogodki\/73274","targetHints":{"allow":["GET"]}}],"collection":[{"href":"https:\/\/museum-mb.si\/de\/wp-json\/wp\/v2\/dogodki"}],"about":[{"href":"https:\/\/museum-mb.si\/de\/wp-json\/wp\/v2\/types\/dogodki"}],"version-history":[{"count":1,"href":"https:\/\/museum-mb.si\/de\/wp-json\/wp\/v2\/dogodki\/73274\/revisions"}],"predecessor-version":[{"id":78138,"href":"https:\/\/museum-mb.si\/de\/wp-json\/wp\/v2\/dogodki\/73274\/revisions\/78138"}],"wp:featuredmedia":[{"embeddable":true,"href":"https:\/\/museum-mb.si\/de\/wp-json\/wp\/v2\/media\/73717"}],"wp:attachment":[{"href":"https:\/\/museum-mb.si\/de\/wp-json\/wp\/v2\/media?parent=73274"}],"wp:term":[{"taxonomy":"vrsta-dogodka","embeddable":true,"href":"https:\/\/museum-mb.si\/de\/wp-json\/wp\/v2\/vrsta-dogodka?post=73274"}],"curies":[{"name":"wp","href":"https:\/\/api.w.org\/{rel}","templated":true}]}}

<p>Ausstellung von Schmuckstücken aus den Sammlungen des Regionalmuseums Maribor und eine Verkaufsausstellung von Schmuckstücken ausgewählter Designer:</p>
<p>Nataša Druškovič, Nataša Grandovec, Jasmina Granduč, Ana Haberman, Urška Hvalica, Tina Lah, Martina Obid Mlakar, Tjaša Rantaša, Dalija Sega, Maja Štamol, Ana Vogrin und Urša Zrnec.</p>
<p>Sie sind herzlich eingeladen.</p>

<!-- This site is optimized with the Yoast SEO plugin v27.5 - https://yoast.com/product/yoast-seo-wordpress/ -->
<title>Sijaj večnosti &#8211; Pokrajinski muzej Maribor</title>
<meta name="robots" content="index, follow, max-snippet:-1, max-image-preview:large, max-video-preview:-1" />
<link rel="canonical" href="https://museum-mb.si/de/veranstaltungen/glanz-fahigkeiten/" />
<meta property="og:locale" content="de_DE" />
<meta property="og:type" content="article" />
<meta property="og:title" content="Sijaj večnosti &#8211; Pokrajinski muzej Maribor" />
<meta property="og:description" content="Razstava nakita iz zbirk Pokrajinskega muzeja Maribor in prodajna razstava nakita izbranih oblikovalk: Nataše Druškovič, Nataše Grandovec, Jasmine Granduč,  Ane Haberman, Urške Hvalica, Tine Lah, Martine Obid Mlakar, Tjaše Rantaša, Dalije Sega, Maje Štamol, Ane Vogrin in Urše Zrnec. Prijazno vabljeni." />
<meta property="og:url" content="https://museum-mb.si/de/veranstaltungen/glanz-fahigkeiten/" />
<meta property="og:site_name" content="Pokrajinski muzej Maribor" />
<meta property="article:publisher" content="https://www.facebook.com/pomum123" />
<meta property="article:modified_time" content="2024-11-07T09:48:34+00:00" />
<meta property="og:image" content="https://museum-mb.si/wp-content/uploads/2022/09/Sijaj-vecnosti-spletna-stran-scaled.jpg" />
	<meta property="og:image:width" content="2560" />
	<meta property="og:image:height" content="1429" />
	<meta property="og:image:type" content="image/jpeg" />
<meta name="twitter:card" content="summary_large_image" />
<script type="application/ld+json" class="yoast-schema-graph">{"@context":"https:\/\/schema.org","@graph":[{"@type":"WebPage","@id":"https:\/\/museum-mb.si\/dogodki\/sijaj-vecnosti\/","url":"https:\/\/museum-mb.si\/dogodki\/sijaj-vecnosti\/","name":"Sijaj večnosti &#8211; Pokrajinski muzej Maribor","isPartOf":{"@id":"https:\/\/museum-mb.si\/#website"},"primaryImageOfPage":{"@id":"https:\/\/museum-mb.si\/dogodki\/sijaj-vecnosti\/#primaryimage"},"image":{"@id":"https:\/\/museum-mb.si\/dogodki\/sijaj-vecnosti\/#primaryimage"},"thumbnailUrl":"https:\/\/museum-mb.si\/wp-content\/uploads\/2022\/09\/Sijaj-vecnosti-spletna-stran-scaled.jpg","datePublished":"2022-09-18T20:22:17+00:00","dateModified":"2024-11-07T09:48:34+00:00","breadcrumb":{"@id":"https:\/\/museum-mb.si\/dogodki\/sijaj-vecnosti\/#breadcrumb"},"inLanguage":"de","potentialAction":[{"@type":"ReadAction","target":["https:\/\/museum-mb.si\/dogodki\/sijaj-vecnosti\/"]}]},{"@type":"ImageObject","inLanguage":"de","@id":"https:\/\/museum-mb.si\/dogodki\/sijaj-vecnosti\/#primaryimage","url":"https:\/\/museum-mb.si\/wp-content\/uploads\/2022\/09\/Sijaj-vecnosti-spletna-stran-scaled.jpg","contentUrl":"https:\/\/museum-mb.si\/wp-content\/uploads\/2022\/09\/Sijaj-vecnosti-spletna-stran-scaled.jpg","width":2560,"height":1429},{"@type":"BreadcrumbList","@id":"https:\/\/museum-mb.si\/dogodki\/sijaj-vecnosti\/#breadcrumb","itemListElement":[{"@type":"ListItem","position":1,"name":"Domov","item":"https:\/\/museum-mb.si\/"},{"@type":"ListItem","position":2,"name":"Dogodki","item":"https:\/\/museum-mb.si\/dogodki\/"},{"@type":"ListItem","position":3,"name":"Sijaj večnosti"}]},{"@type":"WebSite","@id":"https:\/\/museum-mb.si\/#website","url":"https:\/\/museum-mb.si\/","name":"Pokrajinski muzej Maribor","description":"","publisher":{"@id":"https:\/\/museum-mb.si\/#organization"},"potentialAction":[{"@type":"SearchAction","target":{"@type":"EntryPoint","urlTemplate":"https:\/\/museum-mb.si\/?s={search_term_string}"},"query-input":{"@type":"PropertyValueSpecification","valueRequired":true,"valueName":"search_term_string"}}],"inLanguage":"de"},{"@type":"Organization","@id":"https:\/\/museum-mb.si\/#organization","name":"Pokrajinski muzej Maribor","url":"https:\/\/museum-mb.si\/","logo":{"@type":"ImageObject","inLanguage":"de","@id":"https:\/\/museum-mb.si\/#\/schema\/logo\/image\/","url":"https:\/\/museum-mb.si\/wp-content\/uploads\/2024\/12\/pmm_logo_barvni_jpeg.jpg","contentUrl":"https:\/\/museum-mb.si\/wp-content\/uploads\/2024\/12\/pmm_logo_barvni_jpeg.jpg","width":758,"height":754,"caption":"Pokrajinski muzej Maribor"},"image":{"@id":"https:\/\/museum-mb.si\/#\/schema\/logo\/image\/"},"sameAs":["https:\/\/www.facebook.com\/pomum123","https:\/\/www.instagram.com\/maribor_museum\/","https:\/\/www.youtube.com\/channel\/UCdshtCrun841Oc-35tYLBGQ"]}]}</script>
<!-- / Yoast SEO plugin. -->

Das Glühen der Ewigkeit - Regionalmuseum Maribor

Sijaj večnosti &#8211; Pokrajinski muzej Maribor

Razstava nakita iz zbirk Pokrajinskega muzeja Maribor in prodajna razstava nakita izbranih oblikovalk: Nataše Druškovič, Nataše Grandovec, Jasmine Granduč,  Ane Haberman, Urške Hvalica, Tine Lah, Martine Obid Mlakar, Tjaše Rantaša, Dalije Sega, Maje Štamol, Ane Vogrin in Urše Zrnec. Prijazno vabljeni.

Sijaj večnosti
